{"id":2228,"date":"2024-11-10T14:00:06","date_gmt":"2024-11-10T13:00:06","guid":{"rendered":"http:\/\/mobensescolar.com\/?post_type=product&#038;p=2228"},"modified":"2025-05-14T14:34:15","modified_gmt":"2025-05-14T12:34:15","slug":"cadira-escolar-mia-lift","status":"publish","type":"product","link":"https:\/\/mobensescolar.com\/ca\/producto\/cadira-escolar-mia-lift\/","title":{"rendered":"Cadira escolar MIA LIFT"},"content":{"rendered":"<p>La <strong>cadira d&#8217;escola amb rodes Mia Lift<\/strong> aporta <strong>mobilitat, confort i funcionalitat<\/strong> al <strong>moblament escolar<\/strong>. Dissenyada amb un <strong>respatller corbat<\/strong> que afavoreix una postura ergon\u00f2mica. El <strong>pist\u00f3 de gas regulable en al\u00e7ada<\/strong>, permet que aquesta <strong>cadira escolar amb rodes<\/strong> s&#8217;adapti a diferents alumnes i entorns d&#8217;aprenentatge.<\/p>\n<p>Gr\u00e0cies a la seva <strong>base de polipropil\u00e8 en forma d&#8217;estrella amb rodes<\/strong>, la <strong>cadira escolar Mia Lift<\/strong> permet un despla\u00e7ament fluid i silenci\u00f3s, optimitzant l&#8217;organitzaci\u00f3 i flexibilitat a aules, escoles, acad\u00e8mies, universitats, biblioteques i centres de formaci\u00f3 en general. A m\u00e9s, la seva fabricaci\u00f3 amb <strong>materials reciclats<\/strong> garanteix una opci\u00f3 sostenible, sense comprometre la qualitat ni la durabilitat.<\/p>\n<p><strong> <\/strong><\/p>\n<p><strong>Caracter\u00edstiques principals:<\/strong><\/p>\n<p>\u2705 <strong>Cadira escolar amb rodes i respatller corbat<\/strong>, proporcionant m\u00e0xim confort. \u2705 <strong>Base en forma d&#8217;estrella amb rodes \u00d865 mm<\/strong>, per a una mobilitat \u00e0gil i silenciosa. \u2705 <strong>Pist\u00f3 de gas regulable en al\u00e7ada<\/strong>, ajustant el seient entre <strong>400 i 510 mm<\/strong>. \u2705 <strong>Fabricada amb polipropil\u00e8 reciclat (60%)<\/strong>, promovent la sostenibilitat. \u2705 <strong>Estructura resistent i lleugera<\/strong>, ideal per a l&#8217;\u00fas diari en <strong>moblament escolar<\/strong>. \u2705 <strong>Opci\u00f3 de seient entapissat<\/strong>, per a m\u00e9s comoditat.<\/p>\n","protected":false},"excerpt":{"rendered":"<p>La cadira d&#8217;escola amb rodes Mia Lift aporta mobilitat, confort i funcionalitat al moblament escolar. Dissenyada amb un respatller corbat que afavoreix una postura ergon\u00f2mica. El pist\u00f3 de gas regulable en al\u00e7ada, permet que aquesta cadira escolar amb rodes s&#8217;adapti a diferents alumnes i entorns d&#8217;aprenentatge. Gr\u00e0cies a la seva base de polipropil\u00e8 en forma &#8230; <a title=\"Cadira escolar MIA LIFT\" class=\"read-more\" href=\"https:\/\/mobensescolar.com\/ca\/producto\/cadira-escolar-mia-lift\/\" aria-label=\"M\u00e9s informaci\u00f3 sobre Cadira escolar MIA LIFT\">Llegiu m\u00e9s<\/a><\/p>\n","protected":false},"featured_media":2140,"comment_status":"closed","ping_status":"closed","template":"","meta":{"_acf_changed":false},"product_brand":[],"product_cat":[25],"product_tag":[],"class_list":{"0":"post-2228","1":"product","2":"type-product","3":"status-publish","4":"has-post-thumbnail","6":"product_cat-cadires","8":"first","9":"instock","10":"taxable","11":"shipping-taxable","12":"purchasable","13":"product-type-simple"},"supplier_id":null,"supplier_sku":"","barcode":null,"atum_controlled":true,"out_stock_date":null,"out_stock_threshold":null,"inheritable":false,"inbound_stock":0,"stock_on_hold":0,"sold_today":0,"sales_last_days":0,"reserved_stock":0,"customer_returns":0,"warehouse_damage":0,"lost_in_post":0,"other_logs":0,"out_stock_days":0,"lost_sales":0,"has_location":false,"update_date":"2026-04-29T00:11:28","atum_locations":[],"atum_stock_status":"instock","restock_status":false,"low_stock_amount":"","sales_update_date":"2026-04-29T00:11:28","calc_backorders":null,"acf":[],"yoast_head":"<!-- This site is optimized with the Yoast SEO plugin v24.4 - https:\/\/yoast.com\/wordpress\/plugins\/seo\/ -->\n<title>Cadira escolar MIA LIFT - Mobens<\/title>\n<meta name=\"robots\" content=\"index, follow, max-snippet:-1, max-image-preview:large, max-video-preview:-1\" \/>\n<link rel=\"canonical\" href=\"https:\/\/mobensescolar.com\/ca\/producto\/cadira-escolar-mia-lift\/\" \/>\n<meta property=\"og:locale\" content=\"ca_ES\" \/>\n<meta property=\"og:type\" content=\"article\" \/>\n<meta property=\"og:title\" content=\"Cadira escolar MIA LIFT - Mobens\" \/>\n<meta property=\"og:description\" content=\"La cadira d&#8217;escola amb rodes Mia Lift aporta mobilitat, confort i funcionalitat al moblament escolar. Dissenyada amb un respatller corbat que afavoreix una postura ergon\u00f2mica. El pist\u00f3 de gas regulable en al\u00e7ada, permet que aquesta cadira escolar amb rodes s&#8217;adapti a diferents alumnes i entorns d&#8217;aprenentatge. Gr\u00e0cies a la seva base de polipropil\u00e8 en forma ... Llegiu m\u00e9s\" \/>\n<meta property=\"og:url\" content=\"https:\/\/mobensescolar.com\/ca\/producto\/cadira-escolar-mia-lift\/\" \/>\n<meta property=\"og:site_name\" content=\"Mobens\" \/>\n<meta property=\"article:modified_time\" content=\"2025-05-14T12:34:15+00:00\" \/>\n<meta property=\"og:image\" content=\"https:\/\/mobensescolar.com\/wp-content\/uploads\/2024\/11\/1035-mia-lift.jpg\" \/>\n\t<meta property=\"og:image:width\" content=\"1000\" \/>\n\t<meta property=\"og:image:height\" content=\"1000\" \/>\n\t<meta property=\"og:image:type\" content=\"image\/jpeg\" \/>\n<meta name=\"twitter:card\" content=\"summary_large_image\" \/>\n<meta name=\"twitter:label1\" content=\"Temps estimat de lectura\" \/>\n\t<meta name=\"twitter:data1\" content=\"1 minut\" \/>\n<script type=\"application\/ld+json\" class=\"yoast-schema-graph\">{\"@context\":\"https:\/\/schema.org\",\"@graph\":[{\"@type\":\"WebPage\",\"@id\":\"https:\/\/mobensescolar.com\/ca\/producto\/cadira-escolar-mia-lift\/\",\"url\":\"https:\/\/mobensescolar.com\/ca\/producto\/cadira-escolar-mia-lift\/\",\"name\":\"Cadira escolar MIA LIFT - Mobens\",\"isPartOf\":{\"@id\":\"https:\/\/mobensescolar.com\/ca\/#website\"},\"primaryImageOfPage\":{\"@id\":\"https:\/\/mobensescolar.com\/ca\/producto\/cadira-escolar-mia-lift\/#primaryimage\"},\"image\":{\"@id\":\"https:\/\/mobensescolar.com\/ca\/producto\/cadira-escolar-mia-lift\/#primaryimage\"},\"thumbnailUrl\":\"https:\/\/mobensescolar.com\/wp-content\/uploads\/2024\/11\/1035-mia-lift.jpg\",\"datePublished\":\"2024-11-10T13:00:06+00:00\",\"dateModified\":\"2025-05-14T12:34:15+00:00\",\"breadcrumb\":{\"@id\":\"https:\/\/mobensescolar.com\/ca\/producto\/cadira-escolar-mia-lift\/#breadcrumb\"},\"inLanguage\":\"ca\",\"potentialAction\":[{\"@type\":\"ReadAction\",\"target\":[\"https:\/\/mobensescolar.com\/ca\/producto\/cadira-escolar-mia-lift\/\"]}]},{\"@type\":\"ImageObject\",\"inLanguage\":\"ca\",\"@id\":\"https:\/\/mobensescolar.com\/ca\/producto\/cadira-escolar-mia-lift\/#primaryimage\",\"url\":\"https:\/\/mobensescolar.com\/wp-content\/uploads\/2024\/11\/1035-mia-lift.jpg\",\"contentUrl\":\"https:\/\/mobensescolar.com\/wp-content\/uploads\/2024\/11\/1035-mia-lift.jpg\",\"width\":1000,\"height\":1000},{\"@type\":\"BreadcrumbList\",\"@id\":\"https:\/\/mobensescolar.com\/ca\/producto\/cadira-escolar-mia-lift\/#breadcrumb\",\"itemListElement\":[{\"@type\":\"ListItem\",\"position\":1,\"name\":\"Inici\",\"item\":\"https:\/\/mobensescolar.com\/ca\/homepage\/\"},{\"@type\":\"ListItem\",\"position\":2,\"name\":\"Botiga\",\"item\":\"https:\/\/mobensescolar.com\/ca\/botiga\/\"},{\"@type\":\"ListItem\",\"position\":3,\"name\":\"Cadira escolar MIA LIFT\"}]},{\"@type\":\"WebSite\",\"@id\":\"https:\/\/mobensescolar.com\/ca\/#website\",\"url\":\"https:\/\/mobensescolar.com\/ca\/\",\"name\":\"Mobens School\",\"description\":\"\",\"publisher\":{\"@id\":\"https:\/\/mobensescolar.com\/ca\/#organization\"},\"potentialAction\":[{\"@type\":\"SearchAction\",\"target\":{\"@type\":\"EntryPoint\",\"urlTemplate\":\"https:\/\/mobensescolar.com\/ca\/?s={search_term_string}\"},\"query-input\":{\"@type\":\"PropertyValueSpecification\",\"valueRequired\":true,\"valueName\":\"search_term_string\"}}],\"inLanguage\":\"ca\"},{\"@type\":\"Organization\",\"@id\":\"https:\/\/mobensescolar.com\/ca\/#organization\",\"name\":\"Mobens School\",\"url\":\"https:\/\/mobensescolar.com\/ca\/\",\"logo\":{\"@type\":\"ImageObject\",\"inLanguage\":\"ca\",\"@id\":\"https:\/\/mobensescolar.com\/ca\/#\/schema\/logo\/image\/\",\"url\":\"https:\/\/mobensescolar.com\/wp-content\/uploads\/2024\/10\/logo-mobens.webp\",\"contentUrl\":\"https:\/\/mobensescolar.com\/wp-content\/uploads\/2024\/10\/logo-mobens.webp\",\"width\":181,\"height\":181,\"caption\":\"Mobens School\"},\"image\":{\"@id\":\"https:\/\/mobensescolar.com\/ca\/#\/schema\/logo\/image\/\"},\"sameAs\":[\"https:\/\/www.instagram.com\/mobens.school\/\"]}]}<\/script>\n<!-- \/ Yoast SEO plugin. -->","yoast_head_json":{"title":"Cadira escolar MIA LIFT - Mobens","robots":{"index":"index","follow":"follow","max-snippet":"max-snippet:-1","max-image-preview":"max-image-preview:large","max-video-preview":"max-video-preview:-1"},"canonical":"https:\/\/mobensescolar.com\/ca\/producto\/cadira-escolar-mia-lift\/","og_locale":"ca_ES","og_type":"article","og_title":"Cadira escolar MIA LIFT - Mobens","og_description":"La cadira d&#8217;escola amb rodes Mia Lift aporta mobilitat, confort i funcionalitat al moblament escolar. Dissenyada amb un respatller corbat que afavoreix una postura ergon\u00f2mica. El pist\u00f3 de gas regulable en al\u00e7ada, permet que aquesta cadira escolar amb rodes s&#8217;adapti a diferents alumnes i entorns d&#8217;aprenentatge. Gr\u00e0cies a la seva base de polipropil\u00e8 en forma ... Llegiu m\u00e9s","og_url":"https:\/\/mobensescolar.com\/ca\/producto\/cadira-escolar-mia-lift\/","og_site_name":"Mobens","article_modified_time":"2025-05-14T12:34:15+00:00","og_image":[{"width":1000,"height":1000,"url":"https:\/\/mobensescolar.com\/wp-content\/uploads\/2024\/11\/1035-mia-lift.jpg","type":"image\/jpeg"}],"twitter_card":"summary_large_image","twitter_misc":{"Temps estimat de lectura":"1 minut"},"schema":{"@context":"https:\/\/schema.org","@graph":[{"@type":"WebPage","@id":"https:\/\/mobensescolar.com\/ca\/producto\/cadira-escolar-mia-lift\/","url":"https:\/\/mobensescolar.com\/ca\/producto\/cadira-escolar-mia-lift\/","name":"Cadira escolar MIA LIFT - Mobens","isPartOf":{"@id":"https:\/\/mobensescolar.com\/ca\/#website"},"primaryImageOfPage":{"@id":"https:\/\/mobensescolar.com\/ca\/producto\/cadira-escolar-mia-lift\/#primaryimage"},"image":{"@id":"https:\/\/mobensescolar.com\/ca\/producto\/cadira-escolar-mia-lift\/#primaryimage"},"thumbnailUrl":"https:\/\/mobensescolar.com\/wp-content\/uploads\/2024\/11\/1035-mia-lift.jpg","datePublished":"2024-11-10T13:00:06+00:00","dateModified":"2025-05-14T12:34:15+00:00","breadcrumb":{"@id":"https:\/\/mobensescolar.com\/ca\/producto\/cadira-escolar-mia-lift\/#breadcrumb"},"inLanguage":"ca","potentialAction":[{"@type":"ReadAction","target":["https:\/\/mobensescolar.com\/ca\/producto\/cadira-escolar-mia-lift\/"]}]},{"@type":"ImageObject","inLanguage":"ca","@id":"https:\/\/mobensescolar.com\/ca\/producto\/cadira-escolar-mia-lift\/#primaryimage","url":"https:\/\/mobensescolar.com\/wp-content\/uploads\/2024\/11\/1035-mia-lift.jpg","contentUrl":"https:\/\/mobensescolar.com\/wp-content\/uploads\/2024\/11\/1035-mia-lift.jpg","width":1000,"height":1000},{"@type":"BreadcrumbList","@id":"https:\/\/mobensescolar.com\/ca\/producto\/cadira-escolar-mia-lift\/#breadcrumb","itemListElement":[{"@type":"ListItem","position":1,"name":"Inici","item":"https:\/\/mobensescolar.com\/ca\/homepage\/"},{"@type":"ListItem","position":2,"name":"Botiga","item":"https:\/\/mobensescolar.com\/ca\/botiga\/"},{"@type":"ListItem","position":3,"name":"Cadira escolar MIA LIFT"}]},{"@type":"WebSite","@id":"https:\/\/mobensescolar.com\/ca\/#website","url":"https:\/\/mobensescolar.com\/ca\/","name":"Mobens School","description":"","publisher":{"@id":"https:\/\/mobensescolar.com\/ca\/#organization"},"potentialAction":[{"@type":"SearchAction","target":{"@type":"EntryPoint","urlTemplate":"https:\/\/mobensescolar.com\/ca\/?s={search_term_string}"},"query-input":{"@type":"PropertyValueSpecification","valueRequired":true,"valueName":"search_term_string"}}],"inLanguage":"ca"},{"@type":"Organization","@id":"https:\/\/mobensescolar.com\/ca\/#organization","name":"Mobens School","url":"https:\/\/mobensescolar.com\/ca\/","logo":{"@type":"ImageObject","inLanguage":"ca","@id":"https:\/\/mobensescolar.com\/ca\/#\/schema\/logo\/image\/","url":"https:\/\/mobensescolar.com\/wp-content\/uploads\/2024\/10\/logo-mobens.webp","contentUrl":"https:\/\/mobensescolar.com\/wp-content\/uploads\/2024\/10\/logo-mobens.webp","width":181,"height":181,"caption":"Mobens School"},"image":{"@id":"https:\/\/mobensescolar.com\/ca\/#\/schema\/logo\/image\/"},"sameAs":["https:\/\/www.instagram.com\/mobens.school\/"]}]}},"_links":{"self":[{"href":"https:\/\/mobensescolar.com\/ca\/wp-json\/wp\/v2\/product\/2228","targetHints":{"allow":["GET"]}}],"collection":[{"href":"https:\/\/mobensescolar.com\/ca\/wp-json\/wp\/v2\/product"}],"about":[{"href":"https:\/\/mobensescolar.com\/ca\/wp-json\/wp\/v2\/types\/product"}],"replies":[{"embeddable":true,"href":"https:\/\/mobensescolar.com\/ca\/wp-json\/wp\/v2\/comments?post=2228"}],"version-history":[{"count":2,"href":"https:\/\/mobensescolar.com\/ca\/wp-json\/wp\/v2\/product\/2228\/revisions"}],"predecessor-version":[{"id":3884,"href":"https:\/\/mobensescolar.com\/ca\/wp-json\/wp\/v2\/product\/2228\/revisions\/3884"}],"wp:featuredmedia":[{"embeddable":true,"href":"https:\/\/mobensescolar.com\/ca\/wp-json\/wp\/v2\/media\/2140"}],"wp:attachment":[{"href":"https:\/\/mobensescolar.com\/ca\/wp-json\/wp\/v2\/media?parent=2228"}],"wp:term":[{"taxonomy":"product_brand","embeddable":true,"href":"https:\/\/mobensescolar.com\/ca\/wp-json\/wp\/v2\/product_brand?post=2228"},{"taxonomy":"product_cat","embeddable":true,"href":"https:\/\/mobensescolar.com\/ca\/wp-json\/wp\/v2\/product_cat?post=2228"},{"taxonomy":"product_tag","embeddable":true,"href":"https:\/\/mobensescolar.com\/ca\/wp-json\/wp\/v2\/product_tag?post=2228"}],"curies":[{"name":"wp","href":"https:\/\/api.w.org\/{rel}","templated":true}]}}

<p>La <strong>cadira d&#8217;escola amb rodes Mia Lift</strong> aporta <strong>mobilitat, confort i funcionalitat</strong> al <strong>moblament escolar</strong>. Dissenyada amb un <strong>respatller corbat</strong> que afavoreix una postura ergonòmica. El <strong>pistó de gas regulable en alçada</strong>, permet que aquesta <strong>cadira escolar amb rodes</strong> s&#8217;adapti a diferents alumnes i entorns d&#8217;aprenentatge.</p>
<p>Gràcies a la seva <strong>base de polipropilè en forma d&#8217;estrella amb rodes</strong>, la <strong>cadira escolar Mia Lift</strong> permet un desplaçament fluid i silenciós, optimitzant l&#8217;organització i flexibilitat a aules, escoles, acadèmies, universitats, biblioteques i centres de formació en general. A més, la seva fabricació amb <strong>materials reciclats</strong> garanteix una opció sostenible, sense comprometre la qualitat ni la durabilitat.</p>
<p><strong> </strong></p>
<p><strong>Característiques principals:</strong></p>
<p>✅ <strong>Cadira escolar amb rodes i respatller corbat</strong>, proporcionant màxim confort. ✅ <strong>Base en forma d&#8217;estrella amb rodes Ø65 mm</strong>, per a una mobilitat àgil i silenciosa. ✅ <strong>Pistó de gas regulable en alçada</strong>, ajustant el seient entre <strong>400 i 510 mm</strong>. ✅ <strong>Fabricada amb polipropilè reciclat (60%)</strong>, promovent la sostenibilitat. ✅ <strong>Estructura resistent i lleugera</strong>, ideal per a l&#8217;ús diari en <strong>moblament escolar</strong>. ✅ <strong>Opció de seient entapissat</strong>, per a més comoditat.</p>

<p>La cadira d&#8217;escola amb rodes Mia Lift aporta mobilitat, confort i funcionalitat al moblament escolar. Dissenyada amb un respatller corbat que afavoreix una postura ergonòmica. El pistó de gas regulable en alçada, permet que aquesta cadira escolar amb rodes s&#8217;adapti a diferents alumnes i entorns d&#8217;aprenentatge. Gràcies a la seva base de polipropilè en forma &#8230; <a title="Cadira escolar MIA LIFT" class="read-more" href="https://mobensescolar.com/ca/producto/cadira-escolar-mia-lift/" aria-label="Més informació sobre Cadira escolar MIA LIFT">Llegiu més</a></p>

<!-- This site is optimized with the Yoast SEO plugin v24.4 - https://yoast.com/wordpress/plugins/seo/ -->
<title>Cadira escolar MIA LIFT - Mobens</title>
<meta name="robots" content="index, follow, max-snippet:-1, max-image-preview:large, max-video-preview:-1" />
<link rel="canonical" href="https://mobensescolar.com/ca/producto/cadira-escolar-mia-lift/" />
<meta property="og:locale" content="ca_ES" />
<meta property="og:type" content="article" />
<meta property="og:title" content="Cadira escolar MIA LIFT - Mobens" />
<meta property="og:description" content="La cadira d&#8217;escola amb rodes Mia Lift aporta mobilitat, confort i funcionalitat al moblament escolar. Dissenyada amb un respatller corbat que afavoreix una postura ergonòmica. El pistó de gas regulable en alçada, permet que aquesta cadira escolar amb rodes s&#8217;adapti a diferents alumnes i entorns d&#8217;aprenentatge. Gràcies a la seva base de polipropilè en forma ... Llegiu més" />
<meta property="og:url" content="https://mobensescolar.com/ca/producto/cadira-escolar-mia-lift/" />
<meta property="og:site_name" content="Mobens" />
<meta property="article:modified_time" content="2025-05-14T12:34:15+00:00" />
<meta property="og:image" content="https://mobensescolar.com/wp-content/uploads/2024/11/1035-mia-lift.jpg" />
	<meta property="og:image:width" content="1000" />
	<meta property="og:image:height" content="1000" />
	<meta property="og:image:type" content="image/jpeg" />
<meta name="twitter:card" content="summary_large_image" />
<meta name="twitter:label1" content="Temps estimat de lectura" />
	<meta name="twitter:data1" content="1 minut" />
<script type="application/ld+json" class="yoast-schema-graph">{"@context":"https://schema.org","@graph":[{"@type":"WebPage","@id":"https://mobensescolar.com/ca/producto/cadira-escolar-mia-lift/","url":"https://mobensescolar.com/ca/producto/cadira-escolar-mia-lift/","name":"Cadira escolar MIA LIFT - Mobens","isPartOf":{"@id":"https://mobensescolar.com/ca/#website"},"primaryImageOfPage":{"@id":"https://mobensescolar.com/ca/producto/cadira-escolar-mia-lift/#primaryimage"},"image":{"@id":"https://mobensescolar.com/ca/producto/cadira-escolar-mia-lift/#primaryimage"},"thumbnailUrl":"https://mobensescolar.com/wp-content/uploads/2024/11/1035-mia-lift.jpg","datePublished":"2024-11-10T13:00:06+00:00","dateModified":"2025-05-14T12:34:15+00:00","breadcrumb":{"@id":"https://mobensescolar.com/ca/producto/cadira-escolar-mia-lift/#breadcrumb"},"inLanguage":"ca","potentialAction":[{"@type":"ReadAction","target":["https://mobensescolar.com/ca/producto/cadira-escolar-mia-lift/"]}]},{"@type":"ImageObject","inLanguage":"ca","@id":"https://mobensescolar.com/ca/producto/cadira-escolar-mia-lift/#primaryimage","url":"https://mobensescolar.com/wp-content/uploads/2024/11/1035-mia-lift.jpg","contentUrl":"https://mobensescolar.com/wp-content/uploads/2024/11/1035-mia-lift.jpg","width":1000,"height":1000},{"@type":"BreadcrumbList","@id":"https://mobensescolar.com/ca/producto/cadira-escolar-mia-lift/#breadcrumb","itemListElement":[{"@type":"ListItem","position":1,"name":"Inici","item":"https://mobensescolar.com/ca/homepage/"},{"@type":"ListItem","position":2,"name":"Botiga","item":"https://mobensescolar.com/ca/botiga/"},{"@type":"ListItem","position":3,"name":"Cadira escolar MIA LIFT"}]},{"@type":"WebSite","@id":"https://mobensescolar.com/ca/#website","url":"https://mobensescolar.com/ca/","name":"Mobens School","description":"","publisher":{"@id":"https://mobensescolar.com/ca/#organization"},"potentialAction":[{"@type":"SearchAction","target":{"@type":"EntryPoint","urlTemplate":"https://mobensescolar.com/ca/?s={search_term_string}"},"query-input":{"@type":"PropertyValueSpecification","valueRequired":true,"valueName":"search_term_string"}}],"inLanguage":"ca"},{"@type":"Organization","@id":"https://mobensescolar.com/ca/#organization","name":"Mobens School","url":"https://mobensescolar.com/ca/","logo":{"@type":"ImageObject","inLanguage":"ca","@id":"https://mobensescolar.com/ca/#/schema/logo/image/","url":"https://mobensescolar.com/wp-content/uploads/2024/10/logo-mobens.webp","contentUrl":"https://mobensescolar.com/wp-content/uploads/2024/10/logo-mobens.webp","width":181,"height":181,"caption":"Mobens School"},"image":{"@id":"https://mobensescolar.com/ca/#/schema/logo/image/"},"sameAs":["https://www.instagram.com/mobens.school/"]}]}</script>
<!-- / Yoast SEO plugin. -->

La cadira d&#8217;escola amb rodes Mia Lift aporta mobilitat, confort i funcionalitat al moblament escolar. Dissenyada amb un respatller corbat que afavoreix una postura ergonòmica. El pistó de gas regulable en alçada, permet que aquesta cadira escolar amb rodes s&#8217;adapti a diferents alumnes i entorns d&#8217;aprenentatge. Gràcies a la seva base de polipropilè en forma ... Llegiu més
