{"id":2260,"date":"2024-11-10T14:00:20","date_gmt":"2024-11-10T13:00:20","guid":{"rendered":"http:\/\/mobensescolar.com\/?post_type=product&#038;p=2260"},"modified":"2025-05-14T14:39:34","modified_gmt":"2025-05-14T12:39:34","slug":"taula-escolar-yang","status":"publish","type":"product","link":"https:\/\/mobensescolar.com\/ca\/producto\/taula-escolar-yang\/","title":{"rendered":"Taula escolar YANG"},"content":{"rendered":"<p>La <strong>taula escolar YANG<\/strong> \u00e9s una opci\u00f3 perfecta com a mobiliari escolar d&#8217;infantil i secund\u00e0ria. \u00c9s una taula col\u00b7laborativa pensada per a <strong>aules de formaci\u00f3, biblioteques escolars i espais educatius<\/strong> que necessiten taules que facilitin la <strong>col\u00b7laboraci\u00f3 i el treball en equip<\/strong>.<\/p>\n<p>El seu disseny ergon\u00f2mic i la seva mida permeten acomodar c\u00f2modament fins a <strong>3 alumnes<\/strong>, proporcionant una superf\u00edcie de treball ideal per a din\u00e0miques grupals.<\/p>\n<p>El seu gran avantatge \u00e9s el disseny <strong>modular i combinable<\/strong>, cosa que permet expandir la capacitat segons les necessitats de l&#8217;espai educatiu:<\/p>\n<ul>\n<li><strong>Combinant dues taules Yang<\/strong>, obtenim la <strong>taula escolar YANG DUO<\/strong>, amb espai per a <strong>6 alumnes<\/strong>.<\/li>\n<li><strong>Afegint una taula Wave<\/strong> al centre de la YANG DUO, aconseguim una gran <strong>taula ovalada amb capacitat per a 8 alumnes<\/strong>, ideal per a projectes col\u00b7laboratius i aprenentatge actiu.<\/li>\n<\/ul>\n<p><strong> <\/strong><\/p>\n<p><strong>Caracter\u00edstiques:<\/strong><\/p>\n<p>\u2714 <strong>Al\u00e7ada regulable<\/strong>, adaptable a diferents etapes educatives: infantil, prim\u00e0ria i secund\u00e0ria.<br \/>\n\u2714 <strong>Disseny modular<\/strong>, combinable amb altres taules per ampliar la capacitat de treball.<br \/>\n\u2714 <strong>Superf\u00edcie ergon\u00f2mica<\/strong>, que millora la comoditat i la concentraci\u00f3.<br \/>\n\u2714 <strong>Estructura robusta i estable<\/strong>, fabricada amb materials d&#8217;alta qualitat per a un \u00fas intensiu.<br \/>\n\u2714 <strong>Perfecta per a biblioteques, aules de formaci\u00f3 i espais col\u00b7laboratius.<\/strong><\/p>\n<p>La <strong>taula escolar YANG<\/strong> \u00e9s una soluci\u00f3 vers\u00e0til que s&#8217;adapta a qualsevol entorn educatiu, facilitant la creaci\u00f3 d&#8217;espais din\u00e0mics i flexibles per a l&#8217;aprenentatge.<\/p>\n<p>&nbsp;<\/p>\n<p><strong>Color estructura<\/strong><\/p>\n<p>Gris met\u00e0l\u00b7lic<\/p>\n","protected":false},"excerpt":{"rendered":"<p>La taula escolar YANG \u00e9s una opci\u00f3 perfecta com a mobiliari escolar d&#8217;infantil i secund\u00e0ria. \u00c9s una taula col\u00b7laborativa pensada per a aules de formaci\u00f3, biblioteques escolars i espais educatius que necessiten taules que facilitin la col\u00b7laboraci\u00f3 i el treball en equip. El seu disseny ergon\u00f2mic i la seva mida permeten acomodar c\u00f2modament fins a &#8230; <a title=\"Taula escolar YANG\" class=\"read-more\" href=\"https:\/\/mobensescolar.com\/ca\/producto\/taula-escolar-yang\/\" aria-label=\"M\u00e9s informaci\u00f3 sobre Taula escolar YANG\">Llegiu m\u00e9s<\/a><\/p>\n","protected":false},"featured_media":2182,"comment_status":"closed","ping_status":"closed","template":"","meta":{"_acf_changed":false},"product_brand":[],"product_cat":[27],"product_tag":[],"class_list":{"0":"post-2260","1":"product","2":"type-product","3":"status-publish","4":"has-post-thumbnail","6":"product_cat-taules","8":"first","9":"instock","10":"taxable","11":"shipping-taxable","12":"purchasable","13":"product-type-simple"},"supplier_id":null,"supplier_sku":"","barcode":null,"atum_controlled":true,"out_stock_date":null,"out_stock_threshold":null,"inheritable":false,"inbound_stock":0,"stock_on_hold":0,"sold_today":0,"sales_last_days":0,"reserved_stock":0,"customer_returns":0,"warehouse_damage":0,"lost_in_post":0,"other_logs":0,"out_stock_days":0,"lost_sales":0,"has_location":false,"update_date":"2026-04-29T00:11:29","atum_locations":[],"atum_stock_status":"instock","restock_status":false,"low_stock_amount":"","sales_update_date":"2026-04-29T00:11:29","calc_backorders":null,"acf":[],"yoast_head":"<!-- This site is optimized with the Yoast SEO plugin v24.4 - https:\/\/yoast.com\/wordpress\/plugins\/seo\/ -->\n<title>Taula escolar YANG - Mobens<\/title>\n<meta name=\"robots\" content=\"index, follow, max-snippet:-1, max-image-preview:large, max-video-preview:-1\" \/>\n<link rel=\"canonical\" href=\"https:\/\/mobensescolar.com\/ca\/producto\/taula-escolar-yang\/\" \/>\n<meta property=\"og:locale\" content=\"ca_ES\" \/>\n<meta property=\"og:type\" content=\"article\" \/>\n<meta property=\"og:title\" content=\"Taula escolar YANG - Mobens\" \/>\n<meta property=\"og:description\" content=\"La taula escolar YANG \u00e9s una opci\u00f3 perfecta com a mobiliari escolar d&#8217;infantil i secund\u00e0ria. \u00c9s una taula col\u00b7laborativa pensada per a aules de formaci\u00f3, biblioteques escolars i espais educatius que necessiten taules que facilitin la col\u00b7laboraci\u00f3 i el treball en equip. El seu disseny ergon\u00f2mic i la seva mida permeten acomodar c\u00f2modament fins a ... Llegiu m\u00e9s\" \/>\n<meta property=\"og:url\" content=\"https:\/\/mobensescolar.com\/ca\/producto\/taula-escolar-yang\/\" \/>\n<meta property=\"og:site_name\" content=\"Mobens\" \/>\n<meta property=\"article:modified_time\" content=\"2025-05-14T12:39:34+00:00\" \/>\n<meta property=\"og:image\" content=\"https:\/\/mobensescolar.com\/wp-content\/uploads\/2024\/11\/2345R-yang.jpg\" \/>\n\t<meta property=\"og:image:width\" content=\"886\" \/>\n\t<meta property=\"og:image:height\" content=\"886\" \/>\n\t<meta property=\"og:image:type\" content=\"image\/jpeg\" \/>\n<meta name=\"twitter:card\" content=\"summary_large_image\" \/>\n<meta name=\"twitter:label1\" content=\"Temps estimat de lectura\" \/>\n\t<meta name=\"twitter:data1\" content=\"1 minut\" \/>\n<script type=\"application\/ld+json\" class=\"yoast-schema-graph\">{\"@context\":\"https:\/\/schema.org\",\"@graph\":[{\"@type\":\"WebPage\",\"@id\":\"https:\/\/mobensescolar.com\/ca\/producto\/taula-escolar-yang\/\",\"url\":\"https:\/\/mobensescolar.com\/ca\/producto\/taula-escolar-yang\/\",\"name\":\"Taula escolar YANG - Mobens\",\"isPartOf\":{\"@id\":\"https:\/\/mobensescolar.com\/ca\/#website\"},\"primaryImageOfPage\":{\"@id\":\"https:\/\/mobensescolar.com\/ca\/producto\/taula-escolar-yang\/#primaryimage\"},\"image\":{\"@id\":\"https:\/\/mobensescolar.com\/ca\/producto\/taula-escolar-yang\/#primaryimage\"},\"thumbnailUrl\":\"https:\/\/mobensescolar.com\/wp-content\/uploads\/2024\/11\/2345R-yang.jpg\",\"datePublished\":\"2024-11-10T13:00:20+00:00\",\"dateModified\":\"2025-05-14T12:39:34+00:00\",\"breadcrumb\":{\"@id\":\"https:\/\/mobensescolar.com\/ca\/producto\/taula-escolar-yang\/#breadcrumb\"},\"inLanguage\":\"ca\",\"potentialAction\":[{\"@type\":\"ReadAction\",\"target\":[\"https:\/\/mobensescolar.com\/ca\/producto\/taula-escolar-yang\/\"]}]},{\"@type\":\"ImageObject\",\"inLanguage\":\"ca\",\"@id\":\"https:\/\/mobensescolar.com\/ca\/producto\/taula-escolar-yang\/#primaryimage\",\"url\":\"https:\/\/mobensescolar.com\/wp-content\/uploads\/2024\/11\/2345R-yang.jpg\",\"contentUrl\":\"https:\/\/mobensescolar.com\/wp-content\/uploads\/2024\/11\/2345R-yang.jpg\",\"width\":886,\"height\":886},{\"@type\":\"BreadcrumbList\",\"@id\":\"https:\/\/mobensescolar.com\/ca\/producto\/taula-escolar-yang\/#breadcrumb\",\"itemListElement\":[{\"@type\":\"ListItem\",\"position\":1,\"name\":\"Inici\",\"item\":\"https:\/\/mobensescolar.com\/ca\/homepage\/\"},{\"@type\":\"ListItem\",\"position\":2,\"name\":\"Botiga\",\"item\":\"https:\/\/mobensescolar.com\/ca\/botiga\/\"},{\"@type\":\"ListItem\",\"position\":3,\"name\":\"Taula escolar YANG\"}]},{\"@type\":\"WebSite\",\"@id\":\"https:\/\/mobensescolar.com\/ca\/#website\",\"url\":\"https:\/\/mobensescolar.com\/ca\/\",\"name\":\"Mobens School\",\"description\":\"\",\"publisher\":{\"@id\":\"https:\/\/mobensescolar.com\/ca\/#organization\"},\"potentialAction\":[{\"@type\":\"SearchAction\",\"target\":{\"@type\":\"EntryPoint\",\"urlTemplate\":\"https:\/\/mobensescolar.com\/ca\/?s={search_term_string}\"},\"query-input\":{\"@type\":\"PropertyValueSpecification\",\"valueRequired\":true,\"valueName\":\"search_term_string\"}}],\"inLanguage\":\"ca\"},{\"@type\":\"Organization\",\"@id\":\"https:\/\/mobensescolar.com\/ca\/#organization\",\"name\":\"Mobens School\",\"url\":\"https:\/\/mobensescolar.com\/ca\/\",\"logo\":{\"@type\":\"ImageObject\",\"inLanguage\":\"ca\",\"@id\":\"https:\/\/mobensescolar.com\/ca\/#\/schema\/logo\/image\/\",\"url\":\"https:\/\/mobensescolar.com\/wp-content\/uploads\/2024\/10\/logo-mobens.webp\",\"contentUrl\":\"https:\/\/mobensescolar.com\/wp-content\/uploads\/2024\/10\/logo-mobens.webp\",\"width\":181,\"height\":181,\"caption\":\"Mobens School\"},\"image\":{\"@id\":\"https:\/\/mobensescolar.com\/ca\/#\/schema\/logo\/image\/\"},\"sameAs\":[\"https:\/\/www.instagram.com\/mobens.school\/\"]}]}<\/script>\n<!-- \/ Yoast SEO plugin. -->","yoast_head_json":{"title":"Taula escolar YANG - Mobens","robots":{"index":"index","follow":"follow","max-snippet":"max-snippet:-1","max-image-preview":"max-image-preview:large","max-video-preview":"max-video-preview:-1"},"canonical":"https:\/\/mobensescolar.com\/ca\/producto\/taula-escolar-yang\/","og_locale":"ca_ES","og_type":"article","og_title":"Taula escolar YANG - Mobens","og_description":"La taula escolar YANG \u00e9s una opci\u00f3 perfecta com a mobiliari escolar d&#8217;infantil i secund\u00e0ria. \u00c9s una taula col\u00b7laborativa pensada per a aules de formaci\u00f3, biblioteques escolars i espais educatius que necessiten taules que facilitin la col\u00b7laboraci\u00f3 i el treball en equip. El seu disseny ergon\u00f2mic i la seva mida permeten acomodar c\u00f2modament fins a ... Llegiu m\u00e9s","og_url":"https:\/\/mobensescolar.com\/ca\/producto\/taula-escolar-yang\/","og_site_name":"Mobens","article_modified_time":"2025-05-14T12:39:34+00:00","og_image":[{"width":886,"height":886,"url":"https:\/\/mobensescolar.com\/wp-content\/uploads\/2024\/11\/2345R-yang.jpg","type":"image\/jpeg"}],"twitter_card":"summary_large_image","twitter_misc":{"Temps estimat de lectura":"1 minut"},"schema":{"@context":"https:\/\/schema.org","@graph":[{"@type":"WebPage","@id":"https:\/\/mobensescolar.com\/ca\/producto\/taula-escolar-yang\/","url":"https:\/\/mobensescolar.com\/ca\/producto\/taula-escolar-yang\/","name":"Taula escolar YANG - Mobens","isPartOf":{"@id":"https:\/\/mobensescolar.com\/ca\/#website"},"primaryImageOfPage":{"@id":"https:\/\/mobensescolar.com\/ca\/producto\/taula-escolar-yang\/#primaryimage"},"image":{"@id":"https:\/\/mobensescolar.com\/ca\/producto\/taula-escolar-yang\/#primaryimage"},"thumbnailUrl":"https:\/\/mobensescolar.com\/wp-content\/uploads\/2024\/11\/2345R-yang.jpg","datePublished":"2024-11-10T13:00:20+00:00","dateModified":"2025-05-14T12:39:34+00:00","breadcrumb":{"@id":"https:\/\/mobensescolar.com\/ca\/producto\/taula-escolar-yang\/#breadcrumb"},"inLanguage":"ca","potentialAction":[{"@type":"ReadAction","target":["https:\/\/mobensescolar.com\/ca\/producto\/taula-escolar-yang\/"]}]},{"@type":"ImageObject","inLanguage":"ca","@id":"https:\/\/mobensescolar.com\/ca\/producto\/taula-escolar-yang\/#primaryimage","url":"https:\/\/mobensescolar.com\/wp-content\/uploads\/2024\/11\/2345R-yang.jpg","contentUrl":"https:\/\/mobensescolar.com\/wp-content\/uploads\/2024\/11\/2345R-yang.jpg","width":886,"height":886},{"@type":"BreadcrumbList","@id":"https:\/\/mobensescolar.com\/ca\/producto\/taula-escolar-yang\/#breadcrumb","itemListElement":[{"@type":"ListItem","position":1,"name":"Inici","item":"https:\/\/mobensescolar.com\/ca\/homepage\/"},{"@type":"ListItem","position":2,"name":"Botiga","item":"https:\/\/mobensescolar.com\/ca\/botiga\/"},{"@type":"ListItem","position":3,"name":"Taula escolar YANG"}]},{"@type":"WebSite","@id":"https:\/\/mobensescolar.com\/ca\/#website","url":"https:\/\/mobensescolar.com\/ca\/","name":"Mobens School","description":"","publisher":{"@id":"https:\/\/mobensescolar.com\/ca\/#organization"},"potentialAction":[{"@type":"SearchAction","target":{"@type":"EntryPoint","urlTemplate":"https:\/\/mobensescolar.com\/ca\/?s={search_term_string}"},"query-input":{"@type":"PropertyValueSpecification","valueRequired":true,"valueName":"search_term_string"}}],"inLanguage":"ca"},{"@type":"Organization","@id":"https:\/\/mobensescolar.com\/ca\/#organization","name":"Mobens School","url":"https:\/\/mobensescolar.com\/ca\/","logo":{"@type":"ImageObject","inLanguage":"ca","@id":"https:\/\/mobensescolar.com\/ca\/#\/schema\/logo\/image\/","url":"https:\/\/mobensescolar.com\/wp-content\/uploads\/2024\/10\/logo-mobens.webp","contentUrl":"https:\/\/mobensescolar.com\/wp-content\/uploads\/2024\/10\/logo-mobens.webp","width":181,"height":181,"caption":"Mobens School"},"image":{"@id":"https:\/\/mobensescolar.com\/ca\/#\/schema\/logo\/image\/"},"sameAs":["https:\/\/www.instagram.com\/mobens.school\/"]}]}},"_links":{"self":[{"href":"https:\/\/mobensescolar.com\/ca\/wp-json\/wp\/v2\/product\/2260","targetHints":{"allow":["GET"]}}],"collection":[{"href":"https:\/\/mobensescolar.com\/ca\/wp-json\/wp\/v2\/product"}],"about":[{"href":"https:\/\/mobensescolar.com\/ca\/wp-json\/wp\/v2\/types\/product"}],"replies":[{"embeddable":true,"href":"https:\/\/mobensescolar.com\/ca\/wp-json\/wp\/v2\/comments?post=2260"}],"version-history":[{"count":1,"href":"https:\/\/mobensescolar.com\/ca\/wp-json\/wp\/v2\/product\/2260\/revisions"}],"predecessor-version":[{"id":2683,"href":"https:\/\/mobensescolar.com\/ca\/wp-json\/wp\/v2\/product\/2260\/revisions\/2683"}],"wp:featuredmedia":[{"embeddable":true,"href":"https:\/\/mobensescolar.com\/ca\/wp-json\/wp\/v2\/media\/2182"}],"wp:attachment":[{"href":"https:\/\/mobensescolar.com\/ca\/wp-json\/wp\/v2\/media?parent=2260"}],"wp:term":[{"taxonomy":"product_brand","embeddable":true,"href":"https:\/\/mobensescolar.com\/ca\/wp-json\/wp\/v2\/product_brand?post=2260"},{"taxonomy":"product_cat","embeddable":true,"href":"https:\/\/mobensescolar.com\/ca\/wp-json\/wp\/v2\/product_cat?post=2260"},{"taxonomy":"product_tag","embeddable":true,"href":"https:\/\/mobensescolar.com\/ca\/wp-json\/wp\/v2\/product_tag?post=2260"}],"curies":[{"name":"wp","href":"https:\/\/api.w.org\/{rel}","templated":true}]}}

<p>La <strong>taula escolar YANG</strong> és una opció perfecta com a mobiliari escolar d&#8217;infantil i secundària. És una taula col·laborativa pensada per a <strong>aules de formació, biblioteques escolars i espais educatius</strong> que necessiten taules que facilitin la <strong>col·laboració i el treball en equip</strong>.</p>
<p>El seu disseny ergonòmic i la seva mida permeten acomodar còmodament fins a <strong>3 alumnes</strong>, proporcionant una superfície de treball ideal per a dinàmiques grupals.</p>
<p>El seu gran avantatge és el disseny <strong>modular i combinable</strong>, cosa que permet expandir la capacitat segons les necessitats de l&#8217;espai educatiu:</p>
<ul>
<li><strong>Combinant dues taules Yang</strong>, obtenim la <strong>taula escolar YANG DUO</strong>, amb espai per a <strong>6 alumnes</strong>.</li>
<li><strong>Afegint una taula Wave</strong> al centre de la YANG DUO, aconseguim una gran <strong>taula ovalada amb capacitat per a 8 alumnes</strong>, ideal per a projectes col·laboratius i aprenentatge actiu.</li>
</ul>
<p><strong> </strong></p>
<p><strong>Característiques:</strong></p>
<p>✔ <strong>Alçada regulable</strong>, adaptable a diferents etapes educatives: infantil, primària i secundària.<br />
✔ <strong>Disseny modular</strong>, combinable amb altres taules per ampliar la capacitat de treball.<br />
✔ <strong>Superfície ergonòmica</strong>, que millora la comoditat i la concentració.<br />
✔ <strong>Estructura robusta i estable</strong>, fabricada amb materials d&#8217;alta qualitat per a un ús intensiu.<br />
✔ <strong>Perfecta per a biblioteques, aules de formació i espais col·laboratius.</strong></p>
<p>La <strong>taula escolar YANG</strong> és una solució versàtil que s&#8217;adapta a qualsevol entorn educatiu, facilitant la creació d&#8217;espais dinàmics i flexibles per a l&#8217;aprenentatge.</p>
<p>&nbsp;</p>
<p><strong>Color estructura</strong></p>
<p>Gris metàl·lic</p>

<p>La taula escolar YANG és una opció perfecta com a mobiliari escolar d&#8217;infantil i secundària. És una taula col·laborativa pensada per a aules de formació, biblioteques escolars i espais educatius que necessiten taules que facilitin la col·laboració i el treball en equip. El seu disseny ergonòmic i la seva mida permeten acomodar còmodament fins a &#8230; <a title="Taula escolar YANG" class="read-more" href="https://mobensescolar.com/ca/producto/taula-escolar-yang/" aria-label="Més informació sobre Taula escolar YANG">Llegiu més</a></p>

<!-- This site is optimized with the Yoast SEO plugin v24.4 - https://yoast.com/wordpress/plugins/seo/ -->
<title>Taula escolar YANG - Mobens</title>
<meta name="robots" content="index, follow, max-snippet:-1, max-image-preview:large, max-video-preview:-1" />
<link rel="canonical" href="https://mobensescolar.com/ca/producto/taula-escolar-yang/" />
<meta property="og:locale" content="ca_ES" />
<meta property="og:type" content="article" />
<meta property="og:title" content="Taula escolar YANG - Mobens" />
<meta property="og:description" content="La taula escolar YANG és una opció perfecta com a mobiliari escolar d&#8217;infantil i secundària. És una taula col·laborativa pensada per a aules de formació, biblioteques escolars i espais educatius que necessiten taules que facilitin la col·laboració i el treball en equip. El seu disseny ergonòmic i la seva mida permeten acomodar còmodament fins a ... Llegiu més" />
<meta property="og:url" content="https://mobensescolar.com/ca/producto/taula-escolar-yang/" />
<meta property="og:site_name" content="Mobens" />
<meta property="article:modified_time" content="2025-05-14T12:39:34+00:00" />
<meta property="og:image" content="https://mobensescolar.com/wp-content/uploads/2024/11/2345R-yang.jpg" />
	<meta property="og:image:width" content="886" />
	<meta property="og:image:height" content="886" />
	<meta property="og:image:type" content="image/jpeg" />
<meta name="twitter:card" content="summary_large_image" />
<meta name="twitter:label1" content="Temps estimat de lectura" />
	<meta name="twitter:data1" content="1 minut" />
<script type="application/ld+json" class="yoast-schema-graph">{"@context":"https://schema.org","@graph":[{"@type":"WebPage","@id":"https://mobensescolar.com/ca/producto/taula-escolar-yang/","url":"https://mobensescolar.com/ca/producto/taula-escolar-yang/","name":"Taula escolar YANG - Mobens","isPartOf":{"@id":"https://mobensescolar.com/ca/#website"},"primaryImageOfPage":{"@id":"https://mobensescolar.com/ca/producto/taula-escolar-yang/#primaryimage"},"image":{"@id":"https://mobensescolar.com/ca/producto/taula-escolar-yang/#primaryimage"},"thumbnailUrl":"https://mobensescolar.com/wp-content/uploads/2024/11/2345R-yang.jpg","datePublished":"2024-11-10T13:00:20+00:00","dateModified":"2025-05-14T12:39:34+00:00","breadcrumb":{"@id":"https://mobensescolar.com/ca/producto/taula-escolar-yang/#breadcrumb"},"inLanguage":"ca","potentialAction":[{"@type":"ReadAction","target":["https://mobensescolar.com/ca/producto/taula-escolar-yang/"]}]},{"@type":"ImageObject","inLanguage":"ca","@id":"https://mobensescolar.com/ca/producto/taula-escolar-yang/#primaryimage","url":"https://mobensescolar.com/wp-content/uploads/2024/11/2345R-yang.jpg","contentUrl":"https://mobensescolar.com/wp-content/uploads/2024/11/2345R-yang.jpg","width":886,"height":886},{"@type":"BreadcrumbList","@id":"https://mobensescolar.com/ca/producto/taula-escolar-yang/#breadcrumb","itemListElement":[{"@type":"ListItem","position":1,"name":"Inici","item":"https://mobensescolar.com/ca/homepage/"},{"@type":"ListItem","position":2,"name":"Botiga","item":"https://mobensescolar.com/ca/botiga/"},{"@type":"ListItem","position":3,"name":"Taula escolar YANG"}]},{"@type":"WebSite","@id":"https://mobensescolar.com/ca/#website","url":"https://mobensescolar.com/ca/","name":"Mobens School","description":"","publisher":{"@id":"https://mobensescolar.com/ca/#organization"},"potentialAction":[{"@type":"SearchAction","target":{"@type":"EntryPoint","urlTemplate":"https://mobensescolar.com/ca/?s={search_term_string}"},"query-input":{"@type":"PropertyValueSpecification","valueRequired":true,"valueName":"search_term_string"}}],"inLanguage":"ca"},{"@type":"Organization","@id":"https://mobensescolar.com/ca/#organization","name":"Mobens School","url":"https://mobensescolar.com/ca/","logo":{"@type":"ImageObject","inLanguage":"ca","@id":"https://mobensescolar.com/ca/#/schema/logo/image/","url":"https://mobensescolar.com/wp-content/uploads/2024/10/logo-mobens.webp","contentUrl":"https://mobensescolar.com/wp-content/uploads/2024/10/logo-mobens.webp","width":181,"height":181,"caption":"Mobens School"},"image":{"@id":"https://mobensescolar.com/ca/#/schema/logo/image/"},"sameAs":["https://www.instagram.com/mobens.school/"]}]}</script>
<!-- / Yoast SEO plugin. -->

La taula escolar YANG és una opció perfecta com a mobiliari escolar d&#8217;infantil i secundària. És una taula col·laborativa pensada per a aules de formació, biblioteques escolars i espais educatius que necessiten taules que facilitin la col·laboració i el treball en equip. El seu disseny ergonòmic i la seva mida permeten acomodar còmodament fins a ... Llegiu més
