{"id":2271,"date":"2024-11-10T14:00:21","date_gmt":"2024-11-10T13:00:21","guid":{"rendered":"http:\/\/mobensescolar.com\/?post_type=product&#038;p=2271"},"modified":"2025-05-14T14:39:41","modified_gmt":"2025-05-14T12:39:41","slug":"armari-escolar-hedy","status":"publish","type":"product","link":"https:\/\/mobensescolar.com\/ca\/producto\/armari-escolar-hedy\/","title":{"rendered":"Armari Escolar HEDY"},"content":{"rendered":"<p>El <strong>Armari Escolar HEDY<\/strong> \u00e9s el mobiliari escolar perfecte per mantenir el material escolar organitzat de manera accessible i funcional. Dissenyat per integrar-se f\u00e0cilment en qualsevol entorn educatiu, aquest <strong>armari escolar<\/strong> combina resist\u00e8ncia, funcionalitat i flexibilitat gr\u00e0cies al seu disseny modular, cosa que permet adaptar-lo a les necessitats de cada aula.<\/p>\n<p>Caracter\u00edstiques:<br \/>\n\u2705 <strong>Sense portes:<\/strong> Acc\u00e9s r\u00e0pid i c\u00f2mode a llibres, materials i recursos educatius.<br \/>\n\u2705 <strong>Estructura robusta:<\/strong> Fabricada amb tauler d&#8217;aglomerat d&#8217;alta densitat de 19 mm de gruix, recobert amb paper melam\u00ednic blanc.<br \/>\n\u2705 <strong>Estant regulable en altura:<\/strong> Permet ajustar l&#8217;espai d&#8217;emmagatzematge segons les necessitats de l&#8217;aula.<br \/>\n\u2705 <strong>Tacs anivelladors:<\/strong> Inclou 4 tacs que asseguren l&#8217;estabilitat de l&#8217;armari sobre superf\u00edcies irregulars.<br \/>\n\u2705 <strong>Rodes opcionals:<\/strong> Opci\u00f3 d&#8217;afegir rodes per facilitar el despla\u00e7ament dins l&#8217;aula o centre educatiu.<br \/>\n\u2705 <strong>Modular i combinable:<\/strong> Compatible amb altres armaris de la gamma per crear solucions d&#8217;emmagatzematge personalitzades.<\/p>\n<p><strong>Color estructura:<\/strong><br \/>\n  Blanc melam\u00ednic, modern i f\u00e0cil d&#8217;integrar a qualsevol ambient escolar.<\/p>\n<p><strong>Colors:<\/strong><br \/>\n  Acabat en blanc, combinable amb altres m\u00f2duls o mobiliari escolar.<\/p>\n","protected":false},"excerpt":{"rendered":"<p>El Armari Escolar HEDY \u00e9s el mobiliari escolar perfecte per mantenir el material escolar organitzat de manera accessible i funcional. Dissenyat per integrar-se f\u00e0cilment en qualsevol entorn educatiu, aquest armari escolar combina resist\u00e8ncia, funcionalitat i flexibilitat gr\u00e0cies al seu disseny modular, cosa que permet adaptar-lo a les necessitats de cada aula. Caracter\u00edstiques: \u2705 Sense portes: &#8230; <a title=\"Armari Escolar HEDY\" class=\"read-more\" href=\"https:\/\/mobensescolar.com\/ca\/producto\/armari-escolar-hedy\/\" aria-label=\"M\u00e9s informaci\u00f3 sobre Armari Escolar HEDY\">Llegiu m\u00e9s<\/a><\/p>\n","protected":false},"featured_media":2078,"comment_status":"closed","ping_status":"closed","template":"","meta":{"_acf_changed":false},"product_brand":[],"product_cat":[29],"product_tag":[],"class_list":{"0":"post-2271","1":"product","2":"type-product","3":"status-publish","4":"has-post-thumbnail","6":"product_cat-armaris","8":"first","9":"instock","10":"taxable","11":"shipping-taxable","12":"purchasable","13":"product-type-simple"},"supplier_id":null,"supplier_sku":"","barcode":null,"atum_controlled":true,"out_stock_date":null,"out_stock_threshold":null,"inheritable":false,"inbound_stock":null,"stock_on_hold":0,"sold_today":0,"sales_last_days":0,"reserved_stock":null,"customer_returns":null,"warehouse_damage":null,"lost_in_post":null,"other_logs":null,"out_stock_days":0,"lost_sales":0,"has_location":null,"update_date":"2026-04-29T00:11:22","atum_locations":[],"atum_stock_status":"instock","restock_status":false,"low_stock_amount":"","sales_update_date":"2026-04-29T00:11:22","calc_backorders":null,"acf":[],"yoast_head":"<!-- This site is optimized with the Yoast SEO plugin v24.4 - https:\/\/yoast.com\/wordpress\/plugins\/seo\/ -->\n<title>Armari Escolar HEDY - Mobens<\/title>\n<meta name=\"robots\" content=\"index, follow, max-snippet:-1, max-image-preview:large, max-video-preview:-1\" \/>\n<link rel=\"canonical\" href=\"https:\/\/mobensescolar.com\/ca\/producto\/armari-escolar-hedy\/\" \/>\n<meta property=\"og:locale\" content=\"ca_ES\" \/>\n<meta property=\"og:type\" content=\"article\" \/>\n<meta property=\"og:title\" content=\"Armari Escolar HEDY - Mobens\" \/>\n<meta property=\"og:description\" content=\"El Armari Escolar HEDY \u00e9s el mobiliari escolar perfecte per mantenir el material escolar organitzat de manera accessible i funcional. Dissenyat per integrar-se f\u00e0cilment en qualsevol entorn educatiu, aquest armari escolar combina resist\u00e8ncia, funcionalitat i flexibilitat gr\u00e0cies al seu disseny modular, cosa que permet adaptar-lo a les necessitats de cada aula. Caracter\u00edstiques: \u2705 Sense portes: ... Llegiu m\u00e9s\" \/>\n<meta property=\"og:url\" content=\"https:\/\/mobensescolar.com\/ca\/producto\/armari-escolar-hedy\/\" \/>\n<meta property=\"og:site_name\" content=\"Mobens\" \/>\n<meta property=\"article:modified_time\" content=\"2025-05-14T12:39:41+00:00\" \/>\n<meta property=\"og:image\" content=\"https:\/\/mobensescolar.com\/wp-content\/uploads\/2024\/11\/532-501-hedy.jpg\" \/>\n\t<meta property=\"og:image:width\" content=\"1000\" \/>\n\t<meta property=\"og:image:height\" content=\"1000\" \/>\n\t<meta property=\"og:image:type\" content=\"image\/jpeg\" \/>\n<meta name=\"twitter:card\" content=\"summary_large_image\" \/>\n<meta name=\"twitter:label1\" content=\"Temps estimat de lectura\" \/>\n\t<meta name=\"twitter:data1\" content=\"1 minut\" \/>\n<script type=\"application\/ld+json\" class=\"yoast-schema-graph\">{\"@context\":\"https:\/\/schema.org\",\"@graph\":[{\"@type\":\"WebPage\",\"@id\":\"https:\/\/mobensescolar.com\/ca\/producto\/armari-escolar-hedy\/\",\"url\":\"https:\/\/mobensescolar.com\/ca\/producto\/armari-escolar-hedy\/\",\"name\":\"Armari Escolar HEDY - Mobens\",\"isPartOf\":{\"@id\":\"https:\/\/mobensescolar.com\/ca\/#website\"},\"primaryImageOfPage\":{\"@id\":\"https:\/\/mobensescolar.com\/ca\/producto\/armari-escolar-hedy\/#primaryimage\"},\"image\":{\"@id\":\"https:\/\/mobensescolar.com\/ca\/producto\/armari-escolar-hedy\/#primaryimage\"},\"thumbnailUrl\":\"https:\/\/mobensescolar.com\/wp-content\/uploads\/2024\/11\/532-501-hedy.jpg\",\"datePublished\":\"2024-11-10T13:00:21+00:00\",\"dateModified\":\"2025-05-14T12:39:41+00:00\",\"breadcrumb\":{\"@id\":\"https:\/\/mobensescolar.com\/ca\/producto\/armari-escolar-hedy\/#breadcrumb\"},\"inLanguage\":\"ca\",\"potentialAction\":[{\"@type\":\"ReadAction\",\"target\":[\"https:\/\/mobensescolar.com\/ca\/producto\/armari-escolar-hedy\/\"]}]},{\"@type\":\"ImageObject\",\"inLanguage\":\"ca\",\"@id\":\"https:\/\/mobensescolar.com\/ca\/producto\/armari-escolar-hedy\/#primaryimage\",\"url\":\"https:\/\/mobensescolar.com\/wp-content\/uploads\/2024\/11\/532-501-hedy.jpg\",\"contentUrl\":\"https:\/\/mobensescolar.com\/wp-content\/uploads\/2024\/11\/532-501-hedy.jpg\",\"width\":1000,\"height\":1000},{\"@type\":\"BreadcrumbList\",\"@id\":\"https:\/\/mobensescolar.com\/ca\/producto\/armari-escolar-hedy\/#breadcrumb\",\"itemListElement\":[{\"@type\":\"ListItem\",\"position\":1,\"name\":\"Inici\",\"item\":\"https:\/\/mobensescolar.com\/ca\/homepage\/\"},{\"@type\":\"ListItem\",\"position\":2,\"name\":\"Botiga\",\"item\":\"https:\/\/mobensescolar.com\/ca\/botiga\/\"},{\"@type\":\"ListItem\",\"position\":3,\"name\":\"Armari Escolar HEDY\"}]},{\"@type\":\"WebSite\",\"@id\":\"https:\/\/mobensescolar.com\/ca\/#website\",\"url\":\"https:\/\/mobensescolar.com\/ca\/\",\"name\":\"Mobens School\",\"description\":\"\",\"publisher\":{\"@id\":\"https:\/\/mobensescolar.com\/ca\/#organization\"},\"potentialAction\":[{\"@type\":\"SearchAction\",\"target\":{\"@type\":\"EntryPoint\",\"urlTemplate\":\"https:\/\/mobensescolar.com\/ca\/?s={search_term_string}\"},\"query-input\":{\"@type\":\"PropertyValueSpecification\",\"valueRequired\":true,\"valueName\":\"search_term_string\"}}],\"inLanguage\":\"ca\"},{\"@type\":\"Organization\",\"@id\":\"https:\/\/mobensescolar.com\/ca\/#organization\",\"name\":\"Mobens School\",\"url\":\"https:\/\/mobensescolar.com\/ca\/\",\"logo\":{\"@type\":\"ImageObject\",\"inLanguage\":\"ca\",\"@id\":\"https:\/\/mobensescolar.com\/ca\/#\/schema\/logo\/image\/\",\"url\":\"https:\/\/mobensescolar.com\/wp-content\/uploads\/2024\/10\/logo-mobens.webp\",\"contentUrl\":\"https:\/\/mobensescolar.com\/wp-content\/uploads\/2024\/10\/logo-mobens.webp\",\"width\":181,\"height\":181,\"caption\":\"Mobens School\"},\"image\":{\"@id\":\"https:\/\/mobensescolar.com\/ca\/#\/schema\/logo\/image\/\"},\"sameAs\":[\"https:\/\/www.instagram.com\/mobens.school\/\"]}]}<\/script>\n<!-- \/ Yoast SEO plugin. -->","yoast_head_json":{"title":"Armari Escolar HEDY - Mobens","robots":{"index":"index","follow":"follow","max-snippet":"max-snippet:-1","max-image-preview":"max-image-preview:large","max-video-preview":"max-video-preview:-1"},"canonical":"https:\/\/mobensescolar.com\/ca\/producto\/armari-escolar-hedy\/","og_locale":"ca_ES","og_type":"article","og_title":"Armari Escolar HEDY - Mobens","og_description":"El Armari Escolar HEDY \u00e9s el mobiliari escolar perfecte per mantenir el material escolar organitzat de manera accessible i funcional. Dissenyat per integrar-se f\u00e0cilment en qualsevol entorn educatiu, aquest armari escolar combina resist\u00e8ncia, funcionalitat i flexibilitat gr\u00e0cies al seu disseny modular, cosa que permet adaptar-lo a les necessitats de cada aula. Caracter\u00edstiques: \u2705 Sense portes: ... Llegiu m\u00e9s","og_url":"https:\/\/mobensescolar.com\/ca\/producto\/armari-escolar-hedy\/","og_site_name":"Mobens","article_modified_time":"2025-05-14T12:39:41+00:00","og_image":[{"width":1000,"height":1000,"url":"https:\/\/mobensescolar.com\/wp-content\/uploads\/2024\/11\/532-501-hedy.jpg","type":"image\/jpeg"}],"twitter_card":"summary_large_image","twitter_misc":{"Temps estimat de lectura":"1 minut"},"schema":{"@context":"https:\/\/schema.org","@graph":[{"@type":"WebPage","@id":"https:\/\/mobensescolar.com\/ca\/producto\/armari-escolar-hedy\/","url":"https:\/\/mobensescolar.com\/ca\/producto\/armari-escolar-hedy\/","name":"Armari Escolar HEDY - Mobens","isPartOf":{"@id":"https:\/\/mobensescolar.com\/ca\/#website"},"primaryImageOfPage":{"@id":"https:\/\/mobensescolar.com\/ca\/producto\/armari-escolar-hedy\/#primaryimage"},"image":{"@id":"https:\/\/mobensescolar.com\/ca\/producto\/armari-escolar-hedy\/#primaryimage"},"thumbnailUrl":"https:\/\/mobensescolar.com\/wp-content\/uploads\/2024\/11\/532-501-hedy.jpg","datePublished":"2024-11-10T13:00:21+00:00","dateModified":"2025-05-14T12:39:41+00:00","breadcrumb":{"@id":"https:\/\/mobensescolar.com\/ca\/producto\/armari-escolar-hedy\/#breadcrumb"},"inLanguage":"ca","potentialAction":[{"@type":"ReadAction","target":["https:\/\/mobensescolar.com\/ca\/producto\/armari-escolar-hedy\/"]}]},{"@type":"ImageObject","inLanguage":"ca","@id":"https:\/\/mobensescolar.com\/ca\/producto\/armari-escolar-hedy\/#primaryimage","url":"https:\/\/mobensescolar.com\/wp-content\/uploads\/2024\/11\/532-501-hedy.jpg","contentUrl":"https:\/\/mobensescolar.com\/wp-content\/uploads\/2024\/11\/532-501-hedy.jpg","width":1000,"height":1000},{"@type":"BreadcrumbList","@id":"https:\/\/mobensescolar.com\/ca\/producto\/armari-escolar-hedy\/#breadcrumb","itemListElement":[{"@type":"ListItem","position":1,"name":"Inici","item":"https:\/\/mobensescolar.com\/ca\/homepage\/"},{"@type":"ListItem","position":2,"name":"Botiga","item":"https:\/\/mobensescolar.com\/ca\/botiga\/"},{"@type":"ListItem","position":3,"name":"Armari Escolar HEDY"}]},{"@type":"WebSite","@id":"https:\/\/mobensescolar.com\/ca\/#website","url":"https:\/\/mobensescolar.com\/ca\/","name":"Mobens School","description":"","publisher":{"@id":"https:\/\/mobensescolar.com\/ca\/#organization"},"potentialAction":[{"@type":"SearchAction","target":{"@type":"EntryPoint","urlTemplate":"https:\/\/mobensescolar.com\/ca\/?s={search_term_string}"},"query-input":{"@type":"PropertyValueSpecification","valueRequired":true,"valueName":"search_term_string"}}],"inLanguage":"ca"},{"@type":"Organization","@id":"https:\/\/mobensescolar.com\/ca\/#organization","name":"Mobens School","url":"https:\/\/mobensescolar.com\/ca\/","logo":{"@type":"ImageObject","inLanguage":"ca","@id":"https:\/\/mobensescolar.com\/ca\/#\/schema\/logo\/image\/","url":"https:\/\/mobensescolar.com\/wp-content\/uploads\/2024\/10\/logo-mobens.webp","contentUrl":"https:\/\/mobensescolar.com\/wp-content\/uploads\/2024\/10\/logo-mobens.webp","width":181,"height":181,"caption":"Mobens School"},"image":{"@id":"https:\/\/mobensescolar.com\/ca\/#\/schema\/logo\/image\/"},"sameAs":["https:\/\/www.instagram.com\/mobens.school\/"]}]}},"_links":{"self":[{"href":"https:\/\/mobensescolar.com\/ca\/wp-json\/wp\/v2\/product\/2271","targetHints":{"allow":["GET"]}}],"collection":[{"href":"https:\/\/mobensescolar.com\/ca\/wp-json\/wp\/v2\/product"}],"about":[{"href":"https:\/\/mobensescolar.com\/ca\/wp-json\/wp\/v2\/types\/product"}],"replies":[{"embeddable":true,"href":"https:\/\/mobensescolar.com\/ca\/wp-json\/wp\/v2\/comments?post=2271"}],"version-history":[{"count":0,"href":"https:\/\/mobensescolar.com\/ca\/wp-json\/wp\/v2\/product\/2271\/revisions"}],"wp:featuredmedia":[{"embeddable":true,"href":"https:\/\/mobensescolar.com\/ca\/wp-json\/wp\/v2\/media\/2078"}],"wp:attachment":[{"href":"https:\/\/mobensescolar.com\/ca\/wp-json\/wp\/v2\/media?parent=2271"}],"wp:term":[{"taxonomy":"product_brand","embeddable":true,"href":"https:\/\/mobensescolar.com\/ca\/wp-json\/wp\/v2\/product_brand?post=2271"},{"taxonomy":"product_cat","embeddable":true,"href":"https:\/\/mobensescolar.com\/ca\/wp-json\/wp\/v2\/product_cat?post=2271"},{"taxonomy":"product_tag","embeddable":true,"href":"https:\/\/mobensescolar.com\/ca\/wp-json\/wp\/v2\/product_tag?post=2271"}],"curies":[{"name":"wp","href":"https:\/\/api.w.org\/{rel}","templated":true}]}}

<p>El <strong>Armari Escolar HEDY</strong> és el mobiliari escolar perfecte per mantenir el material escolar organitzat de manera accessible i funcional. Dissenyat per integrar-se fàcilment en qualsevol entorn educatiu, aquest <strong>armari escolar</strong> combina resistència, funcionalitat i flexibilitat gràcies al seu disseny modular, cosa que permet adaptar-lo a les necessitats de cada aula.</p>
<p>Característiques:<br />
✅ <strong>Sense portes:</strong> Accés ràpid i còmode a llibres, materials i recursos educatius.<br />
✅ <strong>Estructura robusta:</strong> Fabricada amb tauler d&#8217;aglomerat d&#8217;alta densitat de 19 mm de gruix, recobert amb paper melamínic blanc.<br />
✅ <strong>Estant regulable en altura:</strong> Permet ajustar l&#8217;espai d&#8217;emmagatzematge segons les necessitats de l&#8217;aula.<br />
✅ <strong>Tacs anivelladors:</strong> Inclou 4 tacs que asseguren l&#8217;estabilitat de l&#8217;armari sobre superfícies irregulars.<br />
✅ <strong>Rodes opcionals:</strong> Opció d&#8217;afegir rodes per facilitar el desplaçament dins l&#8217;aula o centre educatiu.<br />
✅ <strong>Modular i combinable:</strong> Compatible amb altres armaris de la gamma per crear solucions d&#8217;emmagatzematge personalitzades.</p>
<p><strong>Color estructura:</strong><br />
  Blanc melamínic, modern i fàcil d&#8217;integrar a qualsevol ambient escolar.</p>
<p><strong>Colors:</strong><br />
  Acabat en blanc, combinable amb altres mòduls o mobiliari escolar.</p>

<p>El Armari Escolar HEDY és el mobiliari escolar perfecte per mantenir el material escolar organitzat de manera accessible i funcional. Dissenyat per integrar-se fàcilment en qualsevol entorn educatiu, aquest armari escolar combina resistència, funcionalitat i flexibilitat gràcies al seu disseny modular, cosa que permet adaptar-lo a les necessitats de cada aula. Característiques: ✅ Sense portes: &#8230; <a title="Armari Escolar HEDY" class="read-more" href="https://mobensescolar.com/ca/producto/armari-escolar-hedy/" aria-label="Més informació sobre Armari Escolar HEDY">Llegiu més</a></p>

<!-- This site is optimized with the Yoast SEO plugin v24.4 - https://yoast.com/wordpress/plugins/seo/ -->
<title>Armari Escolar HEDY - Mobens</title>
<meta name="robots" content="index, follow, max-snippet:-1, max-image-preview:large, max-video-preview:-1" />
<link rel="canonical" href="https://mobensescolar.com/ca/producto/armari-escolar-hedy/" />
<meta property="og:locale" content="ca_ES" />
<meta property="og:type" content="article" />
<meta property="og:title" content="Armari Escolar HEDY - Mobens" />
<meta property="og:description" content="El Armari Escolar HEDY és el mobiliari escolar perfecte per mantenir el material escolar organitzat de manera accessible i funcional. Dissenyat per integrar-se fàcilment en qualsevol entorn educatiu, aquest armari escolar combina resistència, funcionalitat i flexibilitat gràcies al seu disseny modular, cosa que permet adaptar-lo a les necessitats de cada aula. Característiques: ✅ Sense portes: ... Llegiu més" />
<meta property="og:url" content="https://mobensescolar.com/ca/producto/armari-escolar-hedy/" />
<meta property="og:site_name" content="Mobens" />
<meta property="article:modified_time" content="2025-05-14T12:39:41+00:00" />
<meta property="og:image" content="https://mobensescolar.com/wp-content/uploads/2024/11/532-501-hedy.jpg" />
	<meta property="og:image:width" content="1000" />
	<meta property="og:image:height" content="1000" />
	<meta property="og:image:type" content="image/jpeg" />
<meta name="twitter:card" content="summary_large_image" />
<meta name="twitter:label1" content="Temps estimat de lectura" />
	<meta name="twitter:data1" content="1 minut" />
<script type="application/ld+json" class="yoast-schema-graph">{"@context":"https://schema.org","@graph":[{"@type":"WebPage","@id":"https://mobensescolar.com/ca/producto/armari-escolar-hedy/","url":"https://mobensescolar.com/ca/producto/armari-escolar-hedy/","name":"Armari Escolar HEDY - Mobens","isPartOf":{"@id":"https://mobensescolar.com/ca/#website"},"primaryImageOfPage":{"@id":"https://mobensescolar.com/ca/producto/armari-escolar-hedy/#primaryimage"},"image":{"@id":"https://mobensescolar.com/ca/producto/armari-escolar-hedy/#primaryimage"},"thumbnailUrl":"https://mobensescolar.com/wp-content/uploads/2024/11/532-501-hedy.jpg","datePublished":"2024-11-10T13:00:21+00:00","dateModified":"2025-05-14T12:39:41+00:00","breadcrumb":{"@id":"https://mobensescolar.com/ca/producto/armari-escolar-hedy/#breadcrumb"},"inLanguage":"ca","potentialAction":[{"@type":"ReadAction","target":["https://mobensescolar.com/ca/producto/armari-escolar-hedy/"]}]},{"@type":"ImageObject","inLanguage":"ca","@id":"https://mobensescolar.com/ca/producto/armari-escolar-hedy/#primaryimage","url":"https://mobensescolar.com/wp-content/uploads/2024/11/532-501-hedy.jpg","contentUrl":"https://mobensescolar.com/wp-content/uploads/2024/11/532-501-hedy.jpg","width":1000,"height":1000},{"@type":"BreadcrumbList","@id":"https://mobensescolar.com/ca/producto/armari-escolar-hedy/#breadcrumb","itemListElement":[{"@type":"ListItem","position":1,"name":"Inici","item":"https://mobensescolar.com/ca/homepage/"},{"@type":"ListItem","position":2,"name":"Botiga","item":"https://mobensescolar.com/ca/botiga/"},{"@type":"ListItem","position":3,"name":"Armari Escolar HEDY"}]},{"@type":"WebSite","@id":"https://mobensescolar.com/ca/#website","url":"https://mobensescolar.com/ca/","name":"Mobens School","description":"","publisher":{"@id":"https://mobensescolar.com/ca/#organization"},"potentialAction":[{"@type":"SearchAction","target":{"@type":"EntryPoint","urlTemplate":"https://mobensescolar.com/ca/?s={search_term_string}"},"query-input":{"@type":"PropertyValueSpecification","valueRequired":true,"valueName":"search_term_string"}}],"inLanguage":"ca"},{"@type":"Organization","@id":"https://mobensescolar.com/ca/#organization","name":"Mobens School","url":"https://mobensescolar.com/ca/","logo":{"@type":"ImageObject","inLanguage":"ca","@id":"https://mobensescolar.com/ca/#/schema/logo/image/","url":"https://mobensescolar.com/wp-content/uploads/2024/10/logo-mobens.webp","contentUrl":"https://mobensescolar.com/wp-content/uploads/2024/10/logo-mobens.webp","width":181,"height":181,"caption":"Mobens School"},"image":{"@id":"https://mobensescolar.com/ca/#/schema/logo/image/"},"sameAs":["https://www.instagram.com/mobens.school/"]}]}</script>
<!-- / Yoast SEO plugin. -->

El Armari Escolar HEDY és el mobiliari escolar perfecte per mantenir el material escolar organitzat de manera accessible i funcional. Dissenyat per integrar-se fàcilment en qualsevol entorn educatiu, aquest armari escolar combina resistència, funcionalitat i flexibilitat gràcies al seu disseny modular, cosa que permet adaptar-lo a les necessitats de cada aula. Característiques: ✅ Sense portes: ... Llegiu més
