{"id":2940,"date":"2024-11-20T12:47:28","date_gmt":"2024-11-20T11:47:28","guid":{"rendered":"http:\/\/mobensescolar.com\/?post_type=product&#038;p=2940"},"modified":"2025-05-14T14:47:08","modified_gmt":"2025-05-14T12:47:08","slug":"cadira-escolar-alta-slim-g","status":"publish","type":"product","link":"https:\/\/mobensescolar.com\/ca\/producto\/cadira-escolar-alta-slim-g\/","title":{"rendered":"Cadira escolar alta SLIM G"},"content":{"rendered":"<div class=\"container\">\n<div class=\"row\">\n<div class=\"col-md-6 \u00f2fset-md-3 col-xl-4 \u00f2fset-xl-4\">\n<p>La s<strong>illa escolar alta amb rodes<\/strong> Slim G \u00e9s una opci\u00f3 ideal dins del <strong>mobiliari escolar<\/strong> per a espais educatius que requereixen al\u00e7ada, mobilitat i confort. El disseny giratori amb rodes permet un despla\u00e7ament \u00e0gil i silenci\u00f3s, mentre que el seu suport ergon\u00f2mic afavoreix una postura saludable per a un \u00fas prolongat.<\/p>\n<p>Equipada amb un pist\u00f3 de gas regulable en al\u00e7ada, la <strong>cadira escolar<\/strong> Slim G s&#8217;adapta a diferents al\u00e7ades de treball, sent una elecci\u00f3 excel\u00b7lent per a aules, laboratoris i espais educatius col\u00b7laboratius. A m\u00e9s, el seu reposapeus integrat proporciona un suport addicional, millorant la comoditat de lusuari.<\/p>\n<p>La Silla Alta Slim G \u00e9s una soluci\u00f3 moderna i funcional per a centres educatius que busquen ergonomia, mobilitat i disseny al seu mobiliari escolar.<\/p>\n<p>&nbsp;<\/p>\n<p>\u2705 Cadira alta girat\u00f2ria amb rodes, permetent gran mobilitat.<\/p>\n<p>\u2705 Pist\u00f3 de gas regulable, adaptant l&#8217;al\u00e7ada segons les necessitats de l&#8217;usuari.<\/p>\n<p>\u2705 Estructura met\u00e0l\u00b7lica soldada, que garanteix resist\u00e8ncia i estabilitat.<\/p>\n<p>\u2705 Respatller ergon\u00f2mic, dissenyat per afavorir la postura correcta.<\/p>\n<p>\u2705 Reposapeus integrat, oferint un millor suport i comoditat.<\/p>\n<p>\u2705 Disponible en talla T8, recomanada per a alumnes de secund\u00e0ria i educaci\u00f3 superior.<\/p>\n<\/div>\n<\/div>\n<\/div>\n","protected":false},"excerpt":{"rendered":"<p>La silla escolar alta amb rodes Slim G \u00e9s una opci\u00f3 ideal dins del mobiliari escolar per a espais educatius que requereixen al\u00e7ada, mobilitat i confort. El disseny giratori amb rodes permet un despla\u00e7ament \u00e0gil i silenci\u00f3s, mentre que el seu suport ergon\u00f2mic afavoreix una postura saludable per a un \u00fas prolongat. Equipada amb un &#8230; <a title=\"Cadira escolar alta SLIM G\" class=\"read-more\" href=\"https:\/\/mobensescolar.com\/ca\/producto\/cadira-escolar-alta-slim-g\/\" aria-label=\"M\u00e9s informaci\u00f3 sobre Cadira escolar alta SLIM G\">Llegiu m\u00e9s<\/a><\/p>\n","protected":false},"featured_media":2947,"comment_status":"open","ping_status":"closed","template":"","meta":{"_acf_changed":false},"product_brand":[],"product_cat":[25],"product_tag":[],"class_list":{"0":"post-2940","1":"product","2":"type-product","3":"status-publish","4":"has-post-thumbnail","6":"product_cat-cadires","8":"first","9":"instock","10":"featured","11":"taxable","12":"shipping-taxable","13":"purchasable","14":"product-type-simple"},"supplier_id":null,"supplier_sku":"","barcode":null,"atum_controlled":true,"out_stock_date":null,"out_stock_threshold":null,"inheritable":false,"inbound_stock":0,"stock_on_hold":0,"sold_today":0,"sales_last_days":0,"reserved_stock":0,"customer_returns":0,"warehouse_damage":0,"lost_in_post":0,"other_logs":0,"out_stock_days":0,"lost_sales":0,"has_location":false,"update_date":"2026-04-29T00:11:26","atum_locations":[],"atum_stock_status":"instock","restock_status":false,"low_stock_amount":"","sales_update_date":"2026-04-29T00:11:26","calc_backorders":null,"acf":[],"yoast_head":"<!-- This site is optimized with the Yoast SEO plugin v24.4 - https:\/\/yoast.com\/wordpress\/plugins\/seo\/ -->\n<title>Cadira escolar alta SLIM G - Mobens<\/title>\n<meta name=\"robots\" content=\"index, follow, max-snippet:-1, max-image-preview:large, max-video-preview:-1\" \/>\n<link rel=\"canonical\" href=\"https:\/\/mobensescolar.com\/ca\/producto\/cadira-escolar-alta-slim-g\/\" \/>\n<meta property=\"og:locale\" content=\"ca_ES\" \/>\n<meta property=\"og:type\" content=\"article\" \/>\n<meta property=\"og:title\" content=\"Cadira escolar alta SLIM G - Mobens\" \/>\n<meta property=\"og:description\" content=\"La silla escolar alta amb rodes Slim G \u00e9s una opci\u00f3 ideal dins del mobiliari escolar per a espais educatius que requereixen al\u00e7ada, mobilitat i confort. El disseny giratori amb rodes permet un despla\u00e7ament \u00e0gil i silenci\u00f3s, mentre que el seu suport ergon\u00f2mic afavoreix una postura saludable per a un \u00fas prolongat. Equipada amb un ... Llegiu m\u00e9s\" \/>\n<meta property=\"og:url\" content=\"https:\/\/mobensescolar.com\/ca\/producto\/cadira-escolar-alta-slim-g\/\" \/>\n<meta property=\"og:site_name\" content=\"Mobens\" \/>\n<meta property=\"article:modified_time\" content=\"2025-05-14T12:47:08+00:00\" \/>\n<meta property=\"og:image\" content=\"https:\/\/mobensescolar.com\/wp-content\/uploads\/2024\/11\/slim-g-tu.jpg\" \/>\n\t<meta property=\"og:image:width\" content=\"1067\" \/>\n\t<meta property=\"og:image:height\" content=\"1020\" \/>\n\t<meta property=\"og:image:type\" content=\"image\/jpeg\" \/>\n<meta name=\"twitter:card\" content=\"summary_large_image\" \/>\n<meta name=\"twitter:label1\" content=\"Temps estimat de lectura\" \/>\n\t<meta name=\"twitter:data1\" content=\"1 minut\" \/>\n<script type=\"application\/ld+json\" class=\"yoast-schema-graph\">{\"@context\":\"https:\/\/schema.org\",\"@graph\":[{\"@type\":\"WebPage\",\"@id\":\"https:\/\/mobensescolar.com\/ca\/producto\/cadira-escolar-alta-slim-g\/\",\"url\":\"https:\/\/mobensescolar.com\/ca\/producto\/cadira-escolar-alta-slim-g\/\",\"name\":\"Cadira escolar alta SLIM G - Mobens\",\"isPartOf\":{\"@id\":\"https:\/\/mobensescolar.com\/ca\/#website\"},\"primaryImageOfPage\":{\"@id\":\"https:\/\/mobensescolar.com\/ca\/producto\/cadira-escolar-alta-slim-g\/#primaryimage\"},\"image\":{\"@id\":\"https:\/\/mobensescolar.com\/ca\/producto\/cadira-escolar-alta-slim-g\/#primaryimage\"},\"thumbnailUrl\":\"https:\/\/mobensescolar.com\/wp-content\/uploads\/2024\/11\/slim-g-tu.jpg\",\"datePublished\":\"2024-11-20T11:47:28+00:00\",\"dateModified\":\"2025-05-14T12:47:08+00:00\",\"breadcrumb\":{\"@id\":\"https:\/\/mobensescolar.com\/ca\/producto\/cadira-escolar-alta-slim-g\/#breadcrumb\"},\"inLanguage\":\"ca\",\"potentialAction\":[{\"@type\":\"ReadAction\",\"target\":[\"https:\/\/mobensescolar.com\/ca\/producto\/cadira-escolar-alta-slim-g\/\"]}]},{\"@type\":\"ImageObject\",\"inLanguage\":\"ca\",\"@id\":\"https:\/\/mobensescolar.com\/ca\/producto\/cadira-escolar-alta-slim-g\/#primaryimage\",\"url\":\"https:\/\/mobensescolar.com\/wp-content\/uploads\/2024\/11\/slim-g-tu.jpg\",\"contentUrl\":\"https:\/\/mobensescolar.com\/wp-content\/uploads\/2024\/11\/slim-g-tu.jpg\",\"width\":1067,\"height\":1020},{\"@type\":\"BreadcrumbList\",\"@id\":\"https:\/\/mobensescolar.com\/ca\/producto\/cadira-escolar-alta-slim-g\/#breadcrumb\",\"itemListElement\":[{\"@type\":\"ListItem\",\"position\":1,\"name\":\"Inici\",\"item\":\"https:\/\/mobensescolar.com\/ca\/homepage\/\"},{\"@type\":\"ListItem\",\"position\":2,\"name\":\"Botiga\",\"item\":\"https:\/\/mobensescolar.com\/ca\/botiga\/\"},{\"@type\":\"ListItem\",\"position\":3,\"name\":\"Cadira escolar alta SLIM G\"}]},{\"@type\":\"WebSite\",\"@id\":\"https:\/\/mobensescolar.com\/ca\/#website\",\"url\":\"https:\/\/mobensescolar.com\/ca\/\",\"name\":\"Mobens School\",\"description\":\"\",\"publisher\":{\"@id\":\"https:\/\/mobensescolar.com\/ca\/#organization\"},\"potentialAction\":[{\"@type\":\"SearchAction\",\"target\":{\"@type\":\"EntryPoint\",\"urlTemplate\":\"https:\/\/mobensescolar.com\/ca\/?s={search_term_string}\"},\"query-input\":{\"@type\":\"PropertyValueSpecification\",\"valueRequired\":true,\"valueName\":\"search_term_string\"}}],\"inLanguage\":\"ca\"},{\"@type\":\"Organization\",\"@id\":\"https:\/\/mobensescolar.com\/ca\/#organization\",\"name\":\"Mobens School\",\"url\":\"https:\/\/mobensescolar.com\/ca\/\",\"logo\":{\"@type\":\"ImageObject\",\"inLanguage\":\"ca\",\"@id\":\"https:\/\/mobensescolar.com\/ca\/#\/schema\/logo\/image\/\",\"url\":\"https:\/\/mobensescolar.com\/wp-content\/uploads\/2024\/10\/logo-mobens.webp\",\"contentUrl\":\"https:\/\/mobensescolar.com\/wp-content\/uploads\/2024\/10\/logo-mobens.webp\",\"width\":181,\"height\":181,\"caption\":\"Mobens School\"},\"image\":{\"@id\":\"https:\/\/mobensescolar.com\/ca\/#\/schema\/logo\/image\/\"},\"sameAs\":[\"https:\/\/www.instagram.com\/mobens.school\/\"]}]}<\/script>\n<!-- \/ Yoast SEO plugin. -->","yoast_head_json":{"title":"Cadira escolar alta SLIM G - Mobens","robots":{"index":"index","follow":"follow","max-snippet":"max-snippet:-1","max-image-preview":"max-image-preview:large","max-video-preview":"max-video-preview:-1"},"canonical":"https:\/\/mobensescolar.com\/ca\/producto\/cadira-escolar-alta-slim-g\/","og_locale":"ca_ES","og_type":"article","og_title":"Cadira escolar alta SLIM G - Mobens","og_description":"La silla escolar alta amb rodes Slim G \u00e9s una opci\u00f3 ideal dins del mobiliari escolar per a espais educatius que requereixen al\u00e7ada, mobilitat i confort. El disseny giratori amb rodes permet un despla\u00e7ament \u00e0gil i silenci\u00f3s, mentre que el seu suport ergon\u00f2mic afavoreix una postura saludable per a un \u00fas prolongat. Equipada amb un ... Llegiu m\u00e9s","og_url":"https:\/\/mobensescolar.com\/ca\/producto\/cadira-escolar-alta-slim-g\/","og_site_name":"Mobens","article_modified_time":"2025-05-14T12:47:08+00:00","og_image":[{"width":1067,"height":1020,"url":"https:\/\/mobensescolar.com\/wp-content\/uploads\/2024\/11\/slim-g-tu.jpg","type":"image\/jpeg"}],"twitter_card":"summary_large_image","twitter_misc":{"Temps estimat de lectura":"1 minut"},"schema":{"@context":"https:\/\/schema.org","@graph":[{"@type":"WebPage","@id":"https:\/\/mobensescolar.com\/ca\/producto\/cadira-escolar-alta-slim-g\/","url":"https:\/\/mobensescolar.com\/ca\/producto\/cadira-escolar-alta-slim-g\/","name":"Cadira escolar alta SLIM G - Mobens","isPartOf":{"@id":"https:\/\/mobensescolar.com\/ca\/#website"},"primaryImageOfPage":{"@id":"https:\/\/mobensescolar.com\/ca\/producto\/cadira-escolar-alta-slim-g\/#primaryimage"},"image":{"@id":"https:\/\/mobensescolar.com\/ca\/producto\/cadira-escolar-alta-slim-g\/#primaryimage"},"thumbnailUrl":"https:\/\/mobensescolar.com\/wp-content\/uploads\/2024\/11\/slim-g-tu.jpg","datePublished":"2024-11-20T11:47:28+00:00","dateModified":"2025-05-14T12:47:08+00:00","breadcrumb":{"@id":"https:\/\/mobensescolar.com\/ca\/producto\/cadira-escolar-alta-slim-g\/#breadcrumb"},"inLanguage":"ca","potentialAction":[{"@type":"ReadAction","target":["https:\/\/mobensescolar.com\/ca\/producto\/cadira-escolar-alta-slim-g\/"]}]},{"@type":"ImageObject","inLanguage":"ca","@id":"https:\/\/mobensescolar.com\/ca\/producto\/cadira-escolar-alta-slim-g\/#primaryimage","url":"https:\/\/mobensescolar.com\/wp-content\/uploads\/2024\/11\/slim-g-tu.jpg","contentUrl":"https:\/\/mobensescolar.com\/wp-content\/uploads\/2024\/11\/slim-g-tu.jpg","width":1067,"height":1020},{"@type":"BreadcrumbList","@id":"https:\/\/mobensescolar.com\/ca\/producto\/cadira-escolar-alta-slim-g\/#breadcrumb","itemListElement":[{"@type":"ListItem","position":1,"name":"Inici","item":"https:\/\/mobensescolar.com\/ca\/homepage\/"},{"@type":"ListItem","position":2,"name":"Botiga","item":"https:\/\/mobensescolar.com\/ca\/botiga\/"},{"@type":"ListItem","position":3,"name":"Cadira escolar alta SLIM G"}]},{"@type":"WebSite","@id":"https:\/\/mobensescolar.com\/ca\/#website","url":"https:\/\/mobensescolar.com\/ca\/","name":"Mobens School","description":"","publisher":{"@id":"https:\/\/mobensescolar.com\/ca\/#organization"},"potentialAction":[{"@type":"SearchAction","target":{"@type":"EntryPoint","urlTemplate":"https:\/\/mobensescolar.com\/ca\/?s={search_term_string}"},"query-input":{"@type":"PropertyValueSpecification","valueRequired":true,"valueName":"search_term_string"}}],"inLanguage":"ca"},{"@type":"Organization","@id":"https:\/\/mobensescolar.com\/ca\/#organization","name":"Mobens School","url":"https:\/\/mobensescolar.com\/ca\/","logo":{"@type":"ImageObject","inLanguage":"ca","@id":"https:\/\/mobensescolar.com\/ca\/#\/schema\/logo\/image\/","url":"https:\/\/mobensescolar.com\/wp-content\/uploads\/2024\/10\/logo-mobens.webp","contentUrl":"https:\/\/mobensescolar.com\/wp-content\/uploads\/2024\/10\/logo-mobens.webp","width":181,"height":181,"caption":"Mobens School"},"image":{"@id":"https:\/\/mobensescolar.com\/ca\/#\/schema\/logo\/image\/"},"sameAs":["https:\/\/www.instagram.com\/mobens.school\/"]}]}},"_links":{"self":[{"href":"https:\/\/mobensescolar.com\/ca\/wp-json\/wp\/v2\/product\/2940","targetHints":{"allow":["GET"]}}],"collection":[{"href":"https:\/\/mobensescolar.com\/ca\/wp-json\/wp\/v2\/product"}],"about":[{"href":"https:\/\/mobensescolar.com\/ca\/wp-json\/wp\/v2\/types\/product"}],"replies":[{"embeddable":true,"href":"https:\/\/mobensescolar.com\/ca\/wp-json\/wp\/v2\/comments?post=2940"}],"version-history":[{"count":2,"href":"https:\/\/mobensescolar.com\/ca\/wp-json\/wp\/v2\/product\/2940\/revisions"}],"predecessor-version":[{"id":3875,"href":"https:\/\/mobensescolar.com\/ca\/wp-json\/wp\/v2\/product\/2940\/revisions\/3875"}],"wp:featuredmedia":[{"embeddable":true,"href":"https:\/\/mobensescolar.com\/ca\/wp-json\/wp\/v2\/media\/2947"}],"wp:attachment":[{"href":"https:\/\/mobensescolar.com\/ca\/wp-json\/wp\/v2\/media?parent=2940"}],"wp:term":[{"taxonomy":"product_brand","embeddable":true,"href":"https:\/\/mobensescolar.com\/ca\/wp-json\/wp\/v2\/product_brand?post=2940"},{"taxonomy":"product_cat","embeddable":true,"href":"https:\/\/mobensescolar.com\/ca\/wp-json\/wp\/v2\/product_cat?post=2940"},{"taxonomy":"product_tag","embeddable":true,"href":"https:\/\/mobensescolar.com\/ca\/wp-json\/wp\/v2\/product_tag?post=2940"}],"curies":[{"name":"wp","href":"https:\/\/api.w.org\/{rel}","templated":true}]}}

<div class="container">
<div class="row">
<div class="col-md-6 òfset-md-3 col-xl-4 òfset-xl-4">
<p>La s<strong>illa escolar alta amb rodes</strong> Slim G és una opció ideal dins del <strong>mobiliari escolar</strong> per a espais educatius que requereixen alçada, mobilitat i confort. El disseny giratori amb rodes permet un desplaçament àgil i silenciós, mentre que el seu suport ergonòmic afavoreix una postura saludable per a un ús prolongat.</p>
<p>Equipada amb un pistó de gas regulable en alçada, la <strong>cadira escolar</strong> Slim G s&#8217;adapta a diferents alçades de treball, sent una elecció excel·lent per a aules, laboratoris i espais educatius col·laboratius. A més, el seu reposapeus integrat proporciona un suport addicional, millorant la comoditat de lusuari.</p>
<p>La Silla Alta Slim G és una solució moderna i funcional per a centres educatius que busquen ergonomia, mobilitat i disseny al seu mobiliari escolar.</p>
<p>&nbsp;</p>
<p>✅ Cadira alta giratòria amb rodes, permetent gran mobilitat.</p>
<p>✅ Pistó de gas regulable, adaptant l&#8217;alçada segons les necessitats de l&#8217;usuari.</p>
<p>✅ Estructura metàl·lica soldada, que garanteix resistència i estabilitat.</p>
<p>✅ Respatller ergonòmic, dissenyat per afavorir la postura correcta.</p>
<p>✅ Reposapeus integrat, oferint un millor suport i comoditat.</p>
<p>✅ Disponible en talla T8, recomanada per a alumnes de secundària i educació superior.</p>
</div>
</div>
</div>

<p>La silla escolar alta amb rodes Slim G és una opció ideal dins del mobiliari escolar per a espais educatius que requereixen alçada, mobilitat i confort. El disseny giratori amb rodes permet un desplaçament àgil i silenciós, mentre que el seu suport ergonòmic afavoreix una postura saludable per a un ús prolongat. Equipada amb un &#8230; <a title="Cadira escolar alta SLIM G" class="read-more" href="https://mobensescolar.com/ca/producto/cadira-escolar-alta-slim-g/" aria-label="Més informació sobre Cadira escolar alta SLIM G">Llegiu més</a></p>

<!-- This site is optimized with the Yoast SEO plugin v24.4 - https://yoast.com/wordpress/plugins/seo/ -->
<title>Cadira escolar alta SLIM G - Mobens</title>
<meta name="robots" content="index, follow, max-snippet:-1, max-image-preview:large, max-video-preview:-1" />
<link rel="canonical" href="https://mobensescolar.com/ca/producto/cadira-escolar-alta-slim-g/" />
<meta property="og:locale" content="ca_ES" />
<meta property="og:type" content="article" />
<meta property="og:title" content="Cadira escolar alta SLIM G - Mobens" />
<meta property="og:description" content="La silla escolar alta amb rodes Slim G és una opció ideal dins del mobiliari escolar per a espais educatius que requereixen alçada, mobilitat i confort. El disseny giratori amb rodes permet un desplaçament àgil i silenciós, mentre que el seu suport ergonòmic afavoreix una postura saludable per a un ús prolongat. Equipada amb un ... Llegiu més" />
<meta property="og:url" content="https://mobensescolar.com/ca/producto/cadira-escolar-alta-slim-g/" />
<meta property="og:site_name" content="Mobens" />
<meta property="article:modified_time" content="2025-05-14T12:47:08+00:00" />
<meta property="og:image" content="https://mobensescolar.com/wp-content/uploads/2024/11/slim-g-tu.jpg" />
	<meta property="og:image:width" content="1067" />
	<meta property="og:image:height" content="1020" />
	<meta property="og:image:type" content="image/jpeg" />
<meta name="twitter:card" content="summary_large_image" />
<meta name="twitter:label1" content="Temps estimat de lectura" />
	<meta name="twitter:data1" content="1 minut" />
<script type="application/ld+json" class="yoast-schema-graph">{"@context":"https://schema.org","@graph":[{"@type":"WebPage","@id":"https://mobensescolar.com/ca/producto/cadira-escolar-alta-slim-g/","url":"https://mobensescolar.com/ca/producto/cadira-escolar-alta-slim-g/","name":"Cadira escolar alta SLIM G - Mobens","isPartOf":{"@id":"https://mobensescolar.com/ca/#website"},"primaryImageOfPage":{"@id":"https://mobensescolar.com/ca/producto/cadira-escolar-alta-slim-g/#primaryimage"},"image":{"@id":"https://mobensescolar.com/ca/producto/cadira-escolar-alta-slim-g/#primaryimage"},"thumbnailUrl":"https://mobensescolar.com/wp-content/uploads/2024/11/slim-g-tu.jpg","datePublished":"2024-11-20T11:47:28+00:00","dateModified":"2025-05-14T12:47:08+00:00","breadcrumb":{"@id":"https://mobensescolar.com/ca/producto/cadira-escolar-alta-slim-g/#breadcrumb"},"inLanguage":"ca","potentialAction":[{"@type":"ReadAction","target":["https://mobensescolar.com/ca/producto/cadira-escolar-alta-slim-g/"]}]},{"@type":"ImageObject","inLanguage":"ca","@id":"https://mobensescolar.com/ca/producto/cadira-escolar-alta-slim-g/#primaryimage","url":"https://mobensescolar.com/wp-content/uploads/2024/11/slim-g-tu.jpg","contentUrl":"https://mobensescolar.com/wp-content/uploads/2024/11/slim-g-tu.jpg","width":1067,"height":1020},{"@type":"BreadcrumbList","@id":"https://mobensescolar.com/ca/producto/cadira-escolar-alta-slim-g/#breadcrumb","itemListElement":[{"@type":"ListItem","position":1,"name":"Inici","item":"https://mobensescolar.com/ca/homepage/"},{"@type":"ListItem","position":2,"name":"Botiga","item":"https://mobensescolar.com/ca/botiga/"},{"@type":"ListItem","position":3,"name":"Cadira escolar alta SLIM G"}]},{"@type":"WebSite","@id":"https://mobensescolar.com/ca/#website","url":"https://mobensescolar.com/ca/","name":"Mobens School","description":"","publisher":{"@id":"https://mobensescolar.com/ca/#organization"},"potentialAction":[{"@type":"SearchAction","target":{"@type":"EntryPoint","urlTemplate":"https://mobensescolar.com/ca/?s={search_term_string}"},"query-input":{"@type":"PropertyValueSpecification","valueRequired":true,"valueName":"search_term_string"}}],"inLanguage":"ca"},{"@type":"Organization","@id":"https://mobensescolar.com/ca/#organization","name":"Mobens School","url":"https://mobensescolar.com/ca/","logo":{"@type":"ImageObject","inLanguage":"ca","@id":"https://mobensescolar.com/ca/#/schema/logo/image/","url":"https://mobensescolar.com/wp-content/uploads/2024/10/logo-mobens.webp","contentUrl":"https://mobensescolar.com/wp-content/uploads/2024/10/logo-mobens.webp","width":181,"height":181,"caption":"Mobens School"},"image":{"@id":"https://mobensescolar.com/ca/#/schema/logo/image/"},"sameAs":["https://www.instagram.com/mobens.school/"]}]}</script>
<!-- / Yoast SEO plugin. -->

La silla escolar alta amb rodes Slim G és una opció ideal dins del mobiliari escolar per a espais educatius que requereixen alçada, mobilitat i confort. El disseny giratori amb rodes permet un desplaçament àgil i silenciós, mentre que el seu suport ergonòmic afavoreix una postura saludable per a un ús prolongat. Equipada amb un ... Llegiu més
