{"id":2982,"date":"2024-11-20T13:03:01","date_gmt":"2024-11-20T12:03:01","guid":{"rendered":"http:\/\/mobensescolar.com\/?post_type=product&#038;p=2982"},"modified":"2025-05-14T14:47:10","modified_gmt":"2025-05-14T12:47:10","slug":"cadira-escolar-vinta","status":"publish","type":"product","link":"https:\/\/mobensescolar.com\/ca\/producto\/cadira-escolar-vinta\/","title":{"rendered":"Cadira escolar VINTA"},"content":{"rendered":"<p>La <strong>cadira de col\u00b7legi Vinta<\/strong> \u00e9s l&#8217;opci\u00f3 cl\u00e0ssica dins del <strong>mobiliari escolar<\/strong>, combinant resist\u00e8ncia, comoditat i funcionalitat. \u00c9s una <strong>cadira escolar<\/strong> pensada per a un \u00fas prolongat, amb una estructura <strong>robusta, sense arestes vives i apilable<\/strong>, cosa que la fa segura i f\u00e0cil d&#8217;emmagatzemar.<\/p>\n<p>Perfecta com <strong>cadira d&#8217;institut<\/strong>, <strong>cadira d&#8217;escoles<\/strong> i <strong>cadira per acad\u00e8mies<\/strong>, la <strong>Vinta<\/strong> s&#8217;adapta tant a metodologies d&#8217;ensenyament <strong>tradicionals<\/strong> com a <strong>col\u00b7laboratives<\/strong>. A m\u00e9s, compta amb un <strong>ganxo <\/strong>per penjar motxilles o accessoris escolars i aix\u00ed mantenir lespai organitzat.<\/p>\n<p><strong>cadira escolar Vinta<\/strong> \u00e9s una aposta segura dins del <strong>mobiliari escolar<\/strong>, oferint durabilitat, ergonomia i un disseny que s&#8217;adapta a qualsevol entorn educatiu.<\/p>\n<p>&nbsp;<\/p>\n<p>\u2705 <strong>Apilable<\/strong>, optimitzant l&#8217;emmagatzematge.<br \/>\n\u2705 <strong>Amb ganxo<\/strong> per a m\u00e9s funcionalitat a l&#8217;aula.<br \/>\n\u2705 <strong>Disponible en tres talles<\/strong>, adaptades a diferents nivells educatius:<\/p>\n<ul>\n<li><strong>T6<\/strong>: Per a alumnes de <strong>secund\u00e0ria<\/strong> i estudis superiors (+11 anys).<\/li>\n<li><strong>T5<\/strong>: Per a alumnes de <strong>prim\u00e0ria<\/strong> de <strong>8 a 11 anys<\/strong>.<\/li>\n<li><strong>T4<\/strong>: Per a alumnes de <strong>prim\u00e0ria<\/strong> de <strong>6 a 8 anys<\/strong>.<\/li>\n<\/ul>\n","protected":false},"excerpt":{"rendered":"<p>La cadira de col\u00b7legi Vinta \u00e9s l&#8217;opci\u00f3 cl\u00e0ssica dins del mobiliari escolar, combinant resist\u00e8ncia, comoditat i funcionalitat. \u00c9s una cadira escolar pensada per a un \u00fas prolongat, amb una estructura robusta, sense arestes vives i apilable, cosa que la fa segura i f\u00e0cil d&#8217;emmagatzemar. Perfecta com cadira d&#8217;institut, cadira d&#8217;escoles i cadira per acad\u00e8mies, la &#8230; <a title=\"Cadira escolar VINTA\" class=\"read-more\" href=\"https:\/\/mobensescolar.com\/ca\/producto\/cadira-escolar-vinta\/\" aria-label=\"M\u00e9s informaci\u00f3 sobre Cadira escolar VINTA\">Llegiu m\u00e9s<\/a><\/p>\n","protected":false},"featured_media":2989,"comment_status":"open","ping_status":"closed","template":"","meta":{"_acf_changed":false},"product_brand":[],"product_cat":[25],"product_tag":[],"class_list":{"0":"post-2982","1":"product","2":"type-product","3":"status-publish","4":"has-post-thumbnail","6":"product_cat-cadires","8":"first","9":"instock","10":"taxable","11":"shipping-taxable","12":"purchasable","13":"product-type-simple"},"supplier_id":null,"supplier_sku":"","barcode":null,"atum_controlled":true,"out_stock_date":null,"out_stock_threshold":null,"inheritable":false,"inbound_stock":0,"stock_on_hold":0,"sold_today":0,"sales_last_days":0,"reserved_stock":0,"customer_returns":0,"warehouse_damage":0,"lost_in_post":0,"other_logs":0,"out_stock_days":0,"lost_sales":0,"has_location":false,"update_date":"2026-04-29T00:11:25","atum_locations":[],"atum_stock_status":"instock","restock_status":false,"low_stock_amount":"","sales_update_date":"2026-04-29T00:11:25","calc_backorders":null,"acf":[],"yoast_head":"<!-- This site is optimized with the Yoast SEO plugin v24.4 - https:\/\/yoast.com\/wordpress\/plugins\/seo\/ -->\n<title>Cadira escolar VINTA - Mobens<\/title>\n<meta name=\"robots\" content=\"index, follow, max-snippet:-1, max-image-preview:large, max-video-preview:-1\" \/>\n<link rel=\"canonical\" href=\"https:\/\/mobensescolar.com\/ca\/producto\/cadira-escolar-vinta\/\" \/>\n<meta property=\"og:locale\" content=\"ca_ES\" \/>\n<meta property=\"og:type\" content=\"article\" \/>\n<meta property=\"og:title\" content=\"Cadira escolar VINTA - Mobens\" \/>\n<meta property=\"og:description\" content=\"La cadira de col\u00b7legi Vinta \u00e9s l&#8217;opci\u00f3 cl\u00e0ssica dins del mobiliari escolar, combinant resist\u00e8ncia, comoditat i funcionalitat. \u00c9s una cadira escolar pensada per a un \u00fas prolongat, amb una estructura robusta, sense arestes vives i apilable, cosa que la fa segura i f\u00e0cil d&#8217;emmagatzemar. Perfecta com cadira d&#8217;institut, cadira d&#8217;escoles i cadira per acad\u00e8mies, la ... Llegiu m\u00e9s\" \/>\n<meta property=\"og:url\" content=\"https:\/\/mobensescolar.com\/ca\/producto\/cadira-escolar-vinta\/\" \/>\n<meta property=\"og:site_name\" content=\"Mobens\" \/>\n<meta property=\"article:modified_time\" content=\"2025-05-14T12:47:10+00:00\" \/>\n<meta property=\"og:image\" content=\"https:\/\/mobensescolar.com\/wp-content\/uploads\/2024\/11\/vinta-bl-basic.jpg\" \/>\n\t<meta property=\"og:image:width\" content=\"1067\" \/>\n\t<meta property=\"og:image:height\" content=\"1020\" \/>\n\t<meta property=\"og:image:type\" content=\"image\/jpeg\" \/>\n<meta name=\"twitter:card\" content=\"summary_large_image\" \/>\n<meta name=\"twitter:label1\" content=\"Temps estimat de lectura\" \/>\n\t<meta name=\"twitter:data1\" content=\"1 minut\" \/>\n<script type=\"application\/ld+json\" class=\"yoast-schema-graph\">{\"@context\":\"https:\/\/schema.org\",\"@graph\":[{\"@type\":\"WebPage\",\"@id\":\"https:\/\/mobensescolar.com\/ca\/producto\/cadira-escolar-vinta\/\",\"url\":\"https:\/\/mobensescolar.com\/ca\/producto\/cadira-escolar-vinta\/\",\"name\":\"Cadira escolar VINTA - Mobens\",\"isPartOf\":{\"@id\":\"https:\/\/mobensescolar.com\/ca\/#website\"},\"primaryImageOfPage\":{\"@id\":\"https:\/\/mobensescolar.com\/ca\/producto\/cadira-escolar-vinta\/#primaryimage\"},\"image\":{\"@id\":\"https:\/\/mobensescolar.com\/ca\/producto\/cadira-escolar-vinta\/#primaryimage\"},\"thumbnailUrl\":\"https:\/\/mobensescolar.com\/wp-content\/uploads\/2024\/11\/vinta-bl-basic.jpg\",\"datePublished\":\"2024-11-20T12:03:01+00:00\",\"dateModified\":\"2025-05-14T12:47:10+00:00\",\"breadcrumb\":{\"@id\":\"https:\/\/mobensescolar.com\/ca\/producto\/cadira-escolar-vinta\/#breadcrumb\"},\"inLanguage\":\"ca\",\"potentialAction\":[{\"@type\":\"ReadAction\",\"target\":[\"https:\/\/mobensescolar.com\/ca\/producto\/cadira-escolar-vinta\/\"]}]},{\"@type\":\"ImageObject\",\"inLanguage\":\"ca\",\"@id\":\"https:\/\/mobensescolar.com\/ca\/producto\/cadira-escolar-vinta\/#primaryimage\",\"url\":\"https:\/\/mobensescolar.com\/wp-content\/uploads\/2024\/11\/vinta-bl-basic.jpg\",\"contentUrl\":\"https:\/\/mobensescolar.com\/wp-content\/uploads\/2024\/11\/vinta-bl-basic.jpg\",\"width\":1067,\"height\":1020},{\"@type\":\"BreadcrumbList\",\"@id\":\"https:\/\/mobensescolar.com\/ca\/producto\/cadira-escolar-vinta\/#breadcrumb\",\"itemListElement\":[{\"@type\":\"ListItem\",\"position\":1,\"name\":\"Inici\",\"item\":\"https:\/\/mobensescolar.com\/ca\/homepage\/\"},{\"@type\":\"ListItem\",\"position\":2,\"name\":\"Botiga\",\"item\":\"https:\/\/mobensescolar.com\/ca\/botiga\/\"},{\"@type\":\"ListItem\",\"position\":3,\"name\":\"Cadira escolar VINTA\"}]},{\"@type\":\"WebSite\",\"@id\":\"https:\/\/mobensescolar.com\/ca\/#website\",\"url\":\"https:\/\/mobensescolar.com\/ca\/\",\"name\":\"Mobens School\",\"description\":\"\",\"publisher\":{\"@id\":\"https:\/\/mobensescolar.com\/ca\/#organization\"},\"potentialAction\":[{\"@type\":\"SearchAction\",\"target\":{\"@type\":\"EntryPoint\",\"urlTemplate\":\"https:\/\/mobensescolar.com\/ca\/?s={search_term_string}\"},\"query-input\":{\"@type\":\"PropertyValueSpecification\",\"valueRequired\":true,\"valueName\":\"search_term_string\"}}],\"inLanguage\":\"ca\"},{\"@type\":\"Organization\",\"@id\":\"https:\/\/mobensescolar.com\/ca\/#organization\",\"name\":\"Mobens School\",\"url\":\"https:\/\/mobensescolar.com\/ca\/\",\"logo\":{\"@type\":\"ImageObject\",\"inLanguage\":\"ca\",\"@id\":\"https:\/\/mobensescolar.com\/ca\/#\/schema\/logo\/image\/\",\"url\":\"https:\/\/mobensescolar.com\/wp-content\/uploads\/2024\/10\/logo-mobens.webp\",\"contentUrl\":\"https:\/\/mobensescolar.com\/wp-content\/uploads\/2024\/10\/logo-mobens.webp\",\"width\":181,\"height\":181,\"caption\":\"Mobens School\"},\"image\":{\"@id\":\"https:\/\/mobensescolar.com\/ca\/#\/schema\/logo\/image\/\"},\"sameAs\":[\"https:\/\/www.instagram.com\/mobens.school\/\"]}]}<\/script>\n<!-- \/ Yoast SEO plugin. -->","yoast_head_json":{"title":"Cadira escolar VINTA - Mobens","robots":{"index":"index","follow":"follow","max-snippet":"max-snippet:-1","max-image-preview":"max-image-preview:large","max-video-preview":"max-video-preview:-1"},"canonical":"https:\/\/mobensescolar.com\/ca\/producto\/cadira-escolar-vinta\/","og_locale":"ca_ES","og_type":"article","og_title":"Cadira escolar VINTA - Mobens","og_description":"La cadira de col\u00b7legi Vinta \u00e9s l&#8217;opci\u00f3 cl\u00e0ssica dins del mobiliari escolar, combinant resist\u00e8ncia, comoditat i funcionalitat. \u00c9s una cadira escolar pensada per a un \u00fas prolongat, amb una estructura robusta, sense arestes vives i apilable, cosa que la fa segura i f\u00e0cil d&#8217;emmagatzemar. Perfecta com cadira d&#8217;institut, cadira d&#8217;escoles i cadira per acad\u00e8mies, la ... Llegiu m\u00e9s","og_url":"https:\/\/mobensescolar.com\/ca\/producto\/cadira-escolar-vinta\/","og_site_name":"Mobens","article_modified_time":"2025-05-14T12:47:10+00:00","og_image":[{"width":1067,"height":1020,"url":"https:\/\/mobensescolar.com\/wp-content\/uploads\/2024\/11\/vinta-bl-basic.jpg","type":"image\/jpeg"}],"twitter_card":"summary_large_image","twitter_misc":{"Temps estimat de lectura":"1 minut"},"schema":{"@context":"https:\/\/schema.org","@graph":[{"@type":"WebPage","@id":"https:\/\/mobensescolar.com\/ca\/producto\/cadira-escolar-vinta\/","url":"https:\/\/mobensescolar.com\/ca\/producto\/cadira-escolar-vinta\/","name":"Cadira escolar VINTA - Mobens","isPartOf":{"@id":"https:\/\/mobensescolar.com\/ca\/#website"},"primaryImageOfPage":{"@id":"https:\/\/mobensescolar.com\/ca\/producto\/cadira-escolar-vinta\/#primaryimage"},"image":{"@id":"https:\/\/mobensescolar.com\/ca\/producto\/cadira-escolar-vinta\/#primaryimage"},"thumbnailUrl":"https:\/\/mobensescolar.com\/wp-content\/uploads\/2024\/11\/vinta-bl-basic.jpg","datePublished":"2024-11-20T12:03:01+00:00","dateModified":"2025-05-14T12:47:10+00:00","breadcrumb":{"@id":"https:\/\/mobensescolar.com\/ca\/producto\/cadira-escolar-vinta\/#breadcrumb"},"inLanguage":"ca","potentialAction":[{"@type":"ReadAction","target":["https:\/\/mobensescolar.com\/ca\/producto\/cadira-escolar-vinta\/"]}]},{"@type":"ImageObject","inLanguage":"ca","@id":"https:\/\/mobensescolar.com\/ca\/producto\/cadira-escolar-vinta\/#primaryimage","url":"https:\/\/mobensescolar.com\/wp-content\/uploads\/2024\/11\/vinta-bl-basic.jpg","contentUrl":"https:\/\/mobensescolar.com\/wp-content\/uploads\/2024\/11\/vinta-bl-basic.jpg","width":1067,"height":1020},{"@type":"BreadcrumbList","@id":"https:\/\/mobensescolar.com\/ca\/producto\/cadira-escolar-vinta\/#breadcrumb","itemListElement":[{"@type":"ListItem","position":1,"name":"Inici","item":"https:\/\/mobensescolar.com\/ca\/homepage\/"},{"@type":"ListItem","position":2,"name":"Botiga","item":"https:\/\/mobensescolar.com\/ca\/botiga\/"},{"@type":"ListItem","position":3,"name":"Cadira escolar VINTA"}]},{"@type":"WebSite","@id":"https:\/\/mobensescolar.com\/ca\/#website","url":"https:\/\/mobensescolar.com\/ca\/","name":"Mobens School","description":"","publisher":{"@id":"https:\/\/mobensescolar.com\/ca\/#organization"},"potentialAction":[{"@type":"SearchAction","target":{"@type":"EntryPoint","urlTemplate":"https:\/\/mobensescolar.com\/ca\/?s={search_term_string}"},"query-input":{"@type":"PropertyValueSpecification","valueRequired":true,"valueName":"search_term_string"}}],"inLanguage":"ca"},{"@type":"Organization","@id":"https:\/\/mobensescolar.com\/ca\/#organization","name":"Mobens School","url":"https:\/\/mobensescolar.com\/ca\/","logo":{"@type":"ImageObject","inLanguage":"ca","@id":"https:\/\/mobensescolar.com\/ca\/#\/schema\/logo\/image\/","url":"https:\/\/mobensescolar.com\/wp-content\/uploads\/2024\/10\/logo-mobens.webp","contentUrl":"https:\/\/mobensescolar.com\/wp-content\/uploads\/2024\/10\/logo-mobens.webp","width":181,"height":181,"caption":"Mobens School"},"image":{"@id":"https:\/\/mobensescolar.com\/ca\/#\/schema\/logo\/image\/"},"sameAs":["https:\/\/www.instagram.com\/mobens.school\/"]}]}},"_links":{"self":[{"href":"https:\/\/mobensescolar.com\/ca\/wp-json\/wp\/v2\/product\/2982","targetHints":{"allow":["GET"]}}],"collection":[{"href":"https:\/\/mobensescolar.com\/ca\/wp-json\/wp\/v2\/product"}],"about":[{"href":"https:\/\/mobensescolar.com\/ca\/wp-json\/wp\/v2\/types\/product"}],"replies":[{"embeddable":true,"href":"https:\/\/mobensescolar.com\/ca\/wp-json\/wp\/v2\/comments?post=2982"}],"version-history":[{"count":0,"href":"https:\/\/mobensescolar.com\/ca\/wp-json\/wp\/v2\/product\/2982\/revisions"}],"wp:featuredmedia":[{"embeddable":true,"href":"https:\/\/mobensescolar.com\/ca\/wp-json\/wp\/v2\/media\/2989"}],"wp:attachment":[{"href":"https:\/\/mobensescolar.com\/ca\/wp-json\/wp\/v2\/media?parent=2982"}],"wp:term":[{"taxonomy":"product_brand","embeddable":true,"href":"https:\/\/mobensescolar.com\/ca\/wp-json\/wp\/v2\/product_brand?post=2982"},{"taxonomy":"product_cat","embeddable":true,"href":"https:\/\/mobensescolar.com\/ca\/wp-json\/wp\/v2\/product_cat?post=2982"},{"taxonomy":"product_tag","embeddable":true,"href":"https:\/\/mobensescolar.com\/ca\/wp-json\/wp\/v2\/product_tag?post=2982"}],"curies":[{"name":"wp","href":"https:\/\/api.w.org\/{rel}","templated":true}]}}

<p>La <strong>cadira de col·legi Vinta</strong> és l&#8217;opció clàssica dins del <strong>mobiliari escolar</strong>, combinant resistència, comoditat i funcionalitat. És una <strong>cadira escolar</strong> pensada per a un ús prolongat, amb una estructura <strong>robusta, sense arestes vives i apilable</strong>, cosa que la fa segura i fàcil d&#8217;emmagatzemar.</p>
<p>Perfecta com <strong>cadira d&#8217;institut</strong>, <strong>cadira d&#8217;escoles</strong> i <strong>cadira per acadèmies</strong>, la <strong>Vinta</strong> s&#8217;adapta tant a metodologies d&#8217;ensenyament <strong>tradicionals</strong> com a <strong>col·laboratives</strong>. A més, compta amb un <strong>ganxo </strong>per penjar motxilles o accessoris escolars i així mantenir lespai organitzat.</p>
<p><strong>cadira escolar Vinta</strong> és una aposta segura dins del <strong>mobiliari escolar</strong>, oferint durabilitat, ergonomia i un disseny que s&#8217;adapta a qualsevol entorn educatiu.</p>
<p>&nbsp;</p>
<p>✅ <strong>Apilable</strong>, optimitzant l&#8217;emmagatzematge.<br />
✅ <strong>Amb ganxo</strong> per a més funcionalitat a l&#8217;aula.<br />
✅ <strong>Disponible en tres talles</strong>, adaptades a diferents nivells educatius:</p>
<ul>
<li><strong>T6</strong>: Per a alumnes de <strong>secundària</strong> i estudis superiors (+11 anys).</li>
<li><strong>T5</strong>: Per a alumnes de <strong>primària</strong> de <strong>8 a 11 anys</strong>.</li>
<li><strong>T4</strong>: Per a alumnes de <strong>primària</strong> de <strong>6 a 8 anys</strong>.</li>
</ul>

<p>La cadira de col·legi Vinta és l&#8217;opció clàssica dins del mobiliari escolar, combinant resistència, comoditat i funcionalitat. És una cadira escolar pensada per a un ús prolongat, amb una estructura robusta, sense arestes vives i apilable, cosa que la fa segura i fàcil d&#8217;emmagatzemar. Perfecta com cadira d&#8217;institut, cadira d&#8217;escoles i cadira per acadèmies, la &#8230; <a title="Cadira escolar VINTA" class="read-more" href="https://mobensescolar.com/ca/producto/cadira-escolar-vinta/" aria-label="Més informació sobre Cadira escolar VINTA">Llegiu més</a></p>

<!-- This site is optimized with the Yoast SEO plugin v24.4 - https://yoast.com/wordpress/plugins/seo/ -->
<title>Cadira escolar VINTA - Mobens</title>
<meta name="robots" content="index, follow, max-snippet:-1, max-image-preview:large, max-video-preview:-1" />
<link rel="canonical" href="https://mobensescolar.com/ca/producto/cadira-escolar-vinta/" />
<meta property="og:locale" content="ca_ES" />
<meta property="og:type" content="article" />
<meta property="og:title" content="Cadira escolar VINTA - Mobens" />
<meta property="og:description" content="La cadira de col·legi Vinta és l&#8217;opció clàssica dins del mobiliari escolar, combinant resistència, comoditat i funcionalitat. És una cadira escolar pensada per a un ús prolongat, amb una estructura robusta, sense arestes vives i apilable, cosa que la fa segura i fàcil d&#8217;emmagatzemar. Perfecta com cadira d&#8217;institut, cadira d&#8217;escoles i cadira per acadèmies, la ... Llegiu més" />
<meta property="og:url" content="https://mobensescolar.com/ca/producto/cadira-escolar-vinta/" />
<meta property="og:site_name" content="Mobens" />
<meta property="article:modified_time" content="2025-05-14T12:47:10+00:00" />
<meta property="og:image" content="https://mobensescolar.com/wp-content/uploads/2024/11/vinta-bl-basic.jpg" />
	<meta property="og:image:width" content="1067" />
	<meta property="og:image:height" content="1020" />
	<meta property="og:image:type" content="image/jpeg" />
<meta name="twitter:card" content="summary_large_image" />
<meta name="twitter:label1" content="Temps estimat de lectura" />
	<meta name="twitter:data1" content="1 minut" />
<script type="application/ld+json" class="yoast-schema-graph">{"@context":"https://schema.org","@graph":[{"@type":"WebPage","@id":"https://mobensescolar.com/ca/producto/cadira-escolar-vinta/","url":"https://mobensescolar.com/ca/producto/cadira-escolar-vinta/","name":"Cadira escolar VINTA - Mobens","isPartOf":{"@id":"https://mobensescolar.com/ca/#website"},"primaryImageOfPage":{"@id":"https://mobensescolar.com/ca/producto/cadira-escolar-vinta/#primaryimage"},"image":{"@id":"https://mobensescolar.com/ca/producto/cadira-escolar-vinta/#primaryimage"},"thumbnailUrl":"https://mobensescolar.com/wp-content/uploads/2024/11/vinta-bl-basic.jpg","datePublished":"2024-11-20T12:03:01+00:00","dateModified":"2025-05-14T12:47:10+00:00","breadcrumb":{"@id":"https://mobensescolar.com/ca/producto/cadira-escolar-vinta/#breadcrumb"},"inLanguage":"ca","potentialAction":[{"@type":"ReadAction","target":["https://mobensescolar.com/ca/producto/cadira-escolar-vinta/"]}]},{"@type":"ImageObject","inLanguage":"ca","@id":"https://mobensescolar.com/ca/producto/cadira-escolar-vinta/#primaryimage","url":"https://mobensescolar.com/wp-content/uploads/2024/11/vinta-bl-basic.jpg","contentUrl":"https://mobensescolar.com/wp-content/uploads/2024/11/vinta-bl-basic.jpg","width":1067,"height":1020},{"@type":"BreadcrumbList","@id":"https://mobensescolar.com/ca/producto/cadira-escolar-vinta/#breadcrumb","itemListElement":[{"@type":"ListItem","position":1,"name":"Inici","item":"https://mobensescolar.com/ca/homepage/"},{"@type":"ListItem","position":2,"name":"Botiga","item":"https://mobensescolar.com/ca/botiga/"},{"@type":"ListItem","position":3,"name":"Cadira escolar VINTA"}]},{"@type":"WebSite","@id":"https://mobensescolar.com/ca/#website","url":"https://mobensescolar.com/ca/","name":"Mobens School","description":"","publisher":{"@id":"https://mobensescolar.com/ca/#organization"},"potentialAction":[{"@type":"SearchAction","target":{"@type":"EntryPoint","urlTemplate":"https://mobensescolar.com/ca/?s={search_term_string}"},"query-input":{"@type":"PropertyValueSpecification","valueRequired":true,"valueName":"search_term_string"}}],"inLanguage":"ca"},{"@type":"Organization","@id":"https://mobensescolar.com/ca/#organization","name":"Mobens School","url":"https://mobensescolar.com/ca/","logo":{"@type":"ImageObject","inLanguage":"ca","@id":"https://mobensescolar.com/ca/#/schema/logo/image/","url":"https://mobensescolar.com/wp-content/uploads/2024/10/logo-mobens.webp","contentUrl":"https://mobensescolar.com/wp-content/uploads/2024/10/logo-mobens.webp","width":181,"height":181,"caption":"Mobens School"},"image":{"@id":"https://mobensescolar.com/ca/#/schema/logo/image/"},"sameAs":["https://www.instagram.com/mobens.school/"]}]}</script>
<!-- / Yoast SEO plugin. -->

La cadira de col·legi Vinta és l&#8217;opció clàssica dins del mobiliari escolar, combinant resistència, comoditat i funcionalitat. És una cadira escolar pensada per a un ús prolongat, amb una estructura robusta, sense arestes vives i apilable, cosa que la fa segura i fàcil d&#8217;emmagatzemar. Perfecta com cadira d&#8217;institut, cadira d&#8217;escoles i cadira per acadèmies, la ... Llegiu més
